{"id":217,"date":"2017-03-06T16:35:50","date_gmt":"2017-03-06T15:35:50","guid":{"rendered":"http:\/\/forseth.se\/idet\/?page_id=217"},"modified":"2017-03-07T11:21:49","modified_gmt":"2017-03-07T10:21:49","slug":"det-spokar-pa-gronland","status":"publish","type":"page","link":"https:\/\/forseth.se\/?page_id=217","title":{"rendered":"Qaqqat alanngui \u2013 det sp\u00f6kar p\u00e5 Gr\u00f6nland"},"content":{"rendered":"<p style=\"text-align: center;\">QAQQAT ALANNGUI \u2013 gratistidning.com 2015-01-05<\/p>\n<p>&nbsp;<\/p>\n<p><span style=\"color: #800000;\"><a href=\"https:\/\/forseth.se\/idet\/wp-content\/uploads\/2017\/03\/Qaqqat-alannguiq-3.jpg\"><img loading=\"lazy\" decoding=\"async\" class=\"aligncenter size-full wp-image-219\" src=\"https:\/\/forseth.se\/idet\/wp-content\/uploads\/2017\/03\/Qaqqat-alannguiq-3.jpg\" alt=\"\" width=\"1000\" height=\"709\" srcset=\"https:\/\/forseth.se\/wp-content\/uploads\/2017\/03\/Qaqqat-alannguiq-3.jpg 1000w, https:\/\/forseth.se\/wp-content\/uploads\/2017\/03\/Qaqqat-alannguiq-3-300x213.jpg 300w, https:\/\/forseth.se\/wp-content\/uploads\/2017\/03\/Qaqqat-alannguiq-3-768x545.jpg 768w\" sizes=\"auto, (max-width: 767px) 89vw, (max-width: 1000px) 54vw, (max-width: 1071px) 543px, 580px\" \/><\/a><\/span><\/p>\n<style type=\"text\/css\">\n\t<!-- @page { margin: 2cm } P { margin-bottom: 0.21cm } --><br \/>\t<\/style>\n<p>&nbsp;<\/p>\n<p>&nbsp;<\/p>\n<p lang=\"sv-SE\" align=\"CENTER\"><span style=\"color: #800000;\"><span style=\"font-family: HelveticaNeue-Bold;\"><span style=\"font-size: 300%;\"><b>Qaqqat alanngui<\/b><\/span><\/span><\/span><\/p>\n<p lang=\"sv-SE\" align=\"CENTER\"><span style=\"color: #800000;\">\u2013<span style=\"font-family: HelveticaNeue-Bold;\"><span style=\"font-size: 300%;\"><b>\u2013 det sp\u00f6kar<\/b><\/span><\/span><\/span><\/p>\n<p lang=\"sv-SE\" align=\"CENTER\"><span style=\"color: #800000;\"><span style=\"font-family: HelveticaNeue-Bold;\"><span style=\"font-size: 300%;\"><b>p\u00e5 Gr\u00f6nland<\/b><\/span><\/span><\/span><\/p>\n<p lang=\"sv-SE\" align=\"CENTER\"><span style=\"color: #800000;\"><span style=\"font-family: Georgia-BoldItalic,cursive;\"><span style=\"font-size: large;\"><i><b>Skumtimmen p\u00e5 gr\u00f6nl\u00e4ndska? Kan en film man inte kan uttala titeln p\u00e5 vara n\u00e5got?<\/b><\/i><\/span><\/span><\/span><\/p>\n<p lang=\"sv-SE\" align=\"LEFT\"><span style=\"color: #800000;\"><span style=\"font-family: Georgia,serif;\"><span style=\"font-size: large;\">Gr\u00f6nland och Sameland \u2013 b\u00e5da har de rykte om sig att vara riktigt exotiska. Det \u00e4r nedisade, gudsf\u00f6rg\u00e4tna trakter d\u00e4r isbj\u00f6rnar vandrar p\u00e5 gatorna. Nog har man h\u00f6rt om det.<\/span><\/span><\/span><\/p>\n<p lang=\"sv-SE\" align=\"LEFT\"><span style=\"color: #800000;\"><span style=\"font-family: Georgia,serif;\"><span style=\"font-size: large;\">Det d\u00e4r med isbj\u00f6rnar \u00e4r kanske inte helt osant vad g\u00e4ller Gr\u00f6nland \u2013 eller? Fast nallarna har v\u00e4l vett att h\u00e5lla sig undan m\u00e4nniskor som rusar omkring i ettriga sn\u00f6skotrar och bullrande stadsjeepar!<\/span><\/span><\/span><\/p>\n<p lang=\"sv-SE\" align=\"LEFT\"><span style=\"color: #800000;\"><span style=\"font-family: Georgia,serif;\"><span style=\"font-size: large;\">Hur det \u00e4n \u00e4r med det, s\u00e5 \u00e4r det v\u00e4l p\u00e5 Kalaallit Nunaat som i S\u00e1pmi, att m\u00e5nga m\u00e4nniskor \u00e4r sysselsatta i gruvdrift och gillar att jaga n\u00e4r det \u00e4r s\u00e4song. Och inte \u00e4r ens Gr\u00f6nland nedisat helt och h\u00e5llet. Deras fj\u00e4ll och fjordar liknar sommartid v\u00e4ldigt mycket fj\u00e4llen och fjordarna h\u00e4r hemma, och de flesta m\u00e4nniskor bor i t\u00e4torter b\u00e5de d\u00e4r och h\u00e4r. \u00c4nnu mer likt \u00e4r det n\u00e4r gr\u00f6nl\u00e4ndska ungdomar tar studenten, f\u00f6r d\u00e5 b\u00e4r de samma slags studentm\u00f6ssor som v\u00e5ra studenter b\u00e4r.<\/span><\/span><\/span><\/p>\n<p lang=\"sv-SE\" align=\"LEFT\"><span style=\"color: #800000;\"><span style=\"font-family: Georgia,serif;\"><span style=\"font-size: large;\">P\u00e5 torsdag kan den som vill f\u00e5 se p\u00e5 studentm\u00f6ssor bland fjordar, fj\u00e4ll, fj\u00e4llor och fjuniga m\u00e4n. I den gr\u00f6nl\u00e4ndska filmen <span style=\"font-family: Georgia-Italic,cursive;\"><i>Qaqqat alanngui<\/i><\/span> firar n\u00e5gra ungdomar, att skoltiden \u00e4ntligen \u00e4r \u00f6ver. De lejer b\u00e5ttaxi f\u00f6r att komma ut till en vik med fj\u00e4llstuga l\u00e5ngt hemifr\u00e5n f\u00f6r n\u00e5gra dagar. Det \u00e4r f\u00f6rsommar och ljust n\u00e4stan dygnet om, \u00f6l finns s\u00e5 det r\u00e4cker och de har ingen som vakar \u00f6ver dem.<\/span><\/span><\/span><\/p>\n<p lang=\"sv-SE\" align=\"LEFT\"><span style=\"color: #800000;\"><span style=\"font-family: Georgia,serif;\"><span style=\"font-size: large;\">Tror de. F\u00f6r precis som det s\u00e4gs om stugan i P\u00e5lnoviken vid Tornetr\u00e4sk l\u00e4r det kunna sp\u00f6ka kring en gr\u00f6nl\u00e4ndsk stuga. I trakten har n\u00e4mligen gruvliga saker h\u00e4nt n\u00e5gra \u00e5r tidigare, vilket f\u00f6rst\u00e5s inte skr\u00e4mmer de h\u00e4r ungdomarna. Inte f\u00f6rr\u00e4n de f\u00e5r anledning till det, och d\u00e5 har telefonerna <span style=\"font-family: Georgia-Italic,cursive;\"><i>naturligtvis<\/i><\/span> lika lite t\u00e4ckning som i de svenska fj\u00e4llen\u2026<\/span><\/span><\/span><\/p>\n<p lang=\"sv-SE\" align=\"LEFT\"><span style=\"color: #800000;\"><span style=\"font-family: Georgia,serif;\"><span style=\"font-size: large;\">F\u00f6rra \u00e5ret gick det en svensk film p\u00e5 bio med ett namn, som gott kunde ha satts p\u00e5 den h\u00e4r gr\u00f6nl\u00e4ndska filmen. <span style=\"font-family: Georgia-Italic,cursive;\"><i>Skumtimmen<\/i><\/span> hette den, och namnet syftade p\u00e5 det halvdunkla ljuset \u00f6ver str\u00e4nder och hedar under gotl\u00e4ndska sommarn\u00e4tter. \u201dQaqqat alanngui\u201d betyder ungef\u00e4r \u201dSkuggor p\u00e5 fj\u00e4llet\u201d och syftar p\u00e5 samma skumtimmar i b\u00f6rjan p\u00e5 den arktiska sommaren. Eller snarare p\u00e5 de skuggor som ov\u00e4ntat tycks visa sig under skumtimmen. Och dessa skuggor vill inte ungdomarna v\u00e4l\u2026<\/span><\/span><\/span><\/p>\n<p lang=\"sv-SE\" align=\"LEFT\"><span style=\"color: #800000;\"><span style=\"font-family: Georgia,serif;\"><span style=\"font-size: large;\">\u00c4rligt talat \u00e4r jag ytterst skeptisk till rysare. Det \u00e4r f\u00e5 skr\u00e4ckfilmer som jag kunnat sm\u00e4lta. Jag gillade <span style=\"font-family: Georgia-Italic,cursive;\"><i>Psycho,<\/i><\/span> som man inte sl\u00e4pptes in p\u00e5, om man kom till biografen sedan huvudfilmen hade b\u00f6rjat (jo, p\u00e5 <span style=\"font-family: Georgia-Italic,cursive;\"><i>Alfred Hitchcocks<\/i><\/span> uttryckliga beg\u00e4ran behandlade faktiskt svenska biografer sina g\u00e4ster p\u00e5 detta vis, n\u00e4r filmen visades 1960 \u2013 d\u00e5 var jag visserligen f\u00f6r liten f\u00f6r att ens sl\u00e4ppas in i foaj\u00e9n, men nu \u00e4r det i alla fall s\u00e5 att jag sett filmen, s\u00e5 det s\u00e5).<\/span><\/span><\/span><\/p>\n<p lang=\"sv-SE\" align=\"LEFT\"><span style=\"color: #800000;\"><span style=\"font-family: Georgia,serif;\"><span style=\"font-size: large;\">Jag gillade ocks\u00e5 <span style=\"font-family: Georgia-Italic,cursive;\"><i>The others<\/i><\/span> 2001, d\u00e4r <span style=\"font-family: Georgia-Italic,cursive;\"><i>Nicole Kidman<\/i><\/span> skulle undfly sp\u00f6ken som tassade i familjens hus, f\u00f6r tro det eller ej \u2013 det var <span style=\"font-family: Georgia-Italic,cursive;\"><i>knorr<\/i><\/span> p\u00e5 avslutningen! (Den \u201dkn\u00f6t ihop s\u00e4cken\u201d, s\u00e5 att s\u00e4ga.)<\/span><\/span><\/span><\/p>\n<p lang=\"sv-SE\" align=\"LEFT\"><span style=\"color: #800000;\"><span style=\"font-family: Georgia,serif;\"><span style=\"font-size: large;\">\u00c4ven <span style=\"font-family: Georgia-Italic,cursive;\"><i>Pans labyrint<\/i><\/span> 2006 kunde jag acceptera. I den f\u00f6rv\u00e4xlar ett barn dr\u00f6m och verklighet, n\u00e4r verkligheten best\u00e5r av fascistiska m\u00f6rdare i barnets vardagsmilj\u00f6. Och <span style=\"font-family: Georgia-Italic,cursive;\"><i>Barnhemmet<\/i><\/span> om en familj som k\u00f6per ett f\u00f6re detta barnhem, d\u00e4r det sedan b\u00f6rjar h\u00f6ras barnskrik i v\u00e4ggarna \u2013 ocks\u00e5 den hade knorr p\u00e5 avslutningen.<\/span><\/span><\/span><\/p>\n<p lang=\"sv-SE\" align=\"LEFT\"><span style=\"color: #800000;\"><span style=\"font-family: Georgia,serif;\"><span style=\"font-size: large;\"><span style=\"font-family: Georgia-Italic,cursive;\"><i>Qaqqat alanngui \/ Skuggor p\u00e5 fj\u00e4llet <\/i><\/span>\u00e4r faktiskt i klass med dessa. Jag vet, f\u00f6r jag har sett en f\u00f6rhandsvisning av den. Regiss\u00f6ren <span style=\"font-family: Georgia-Italic,cursive;\"><i>Malik Kleist<\/i><\/span> har personligen givit Kiruna filmstudio tillst\u00e5nd att premi\u00e4rvisa denna rysare nu p\u00e5 torsdag, vilket inte \u00e4r en s\u00e5 liten \u00e4ra f\u00f6r en liten filmklubb. Den stora Arctic light filmfestival har tv\u00e5 g\u00e5nger missat att ta in filmen i samband med sina sena skr\u00e4ckfilmsvisningar.<\/span><\/span><\/span><\/p>\n<p lang=\"sv-SE\" align=\"LEFT\"><span style=\"color: #800000;\"><span style=\"font-family: Georgia,serif;\"><span style=\"font-size: large;\">Den gr\u00f6nl\u00e4ndska titeln f\u00f6refaller mig om\u00f6jlig att uttala, och n\u00e4r m\u00e4nniskorna i filmen talar uppfattar jag inget annat \u00e4n vissa r\u00e4kneord, som s\u00e4gs p\u00e5 danska. Det \u00e4r kanske med gr\u00f6nl\u00e4nningarna som med samisk- och me\u00e4nkielitalande, som ofta tar till svenska, n\u00e4r de n\u00e4mner stora tal?<\/span><\/span><\/span><\/p>\n<p lang=\"sv-SE\" align=\"LEFT\"><span style=\"color: #800000;\"><span style=\"font-family: Georgia,serif;\"><span style=\"font-size: large;\">Filmkopian \u00e4r textad p\u00e5 danska (som kan vara sv\u00e5rt att lyssna p\u00e5 men \u00e4r j\u00e4ttel\u00e4tt att l\u00e4sa). Och det ser v\u00e4l ut som en tanke, att filmstudion dagarna efter den gr\u00f6nl\u00e4ndska rysaren visar klassiska monsterfilmer fr\u00e5n \u00e5ren f\u00f6re och efter andra v\u00e4rldskriget; sex filmer med <span style=\"font-family: Georgia-Italic,cursive;\"><i>Boris Karloff, Bela Lugosi<\/i><\/span> och andra k\u00e4nda rysgubbar p\u00e5 tre dagar!<\/span><\/span><\/span><\/p>\n<p lang=\"sv-SE\" align=\"LEFT\"><span style=\"color: #800000;\"><span style=\"font-family: Georgia,serif;\"><span style=\"font-size: large;\">Inte \u00e4r v\u00e4l detta typiskt f\u00f6r en filmklubb, men har man sj\u00e4lv tomtar p\u00e5 loftet, s\u00e5 \u00e4r man vidsynt!<\/span><\/span><\/span><\/p>\n<p align=\"RIGHT\"><span style=\"color: #800000;\"><i><span style=\"font-family: HelveticaNeue-Italic,cursive;\"><span style=\"font-size: medium;\"><span lang=\"sv-SE\">En id\u00e9 i idet av Bj\u00f6rn Forseth<\/span><\/span><\/span><\/i><\/span><\/p>\n<p style=\"text-align: center;\" align=\"RIGHT\"><a href=\"..\/idet\">\u00c5ter<\/a><\/p>\n","protected":false},"excerpt":{"rendered":"<p>QAQQAT ALANNGUI \u2013 gratistidning.com 2015-01-05 &nbsp; &nbsp; &nbsp; Qaqqat alanngui \u2013\u2013 det sp\u00f6kar p\u00e5 Gr\u00f6nland Skumtimmen p\u00e5 gr\u00f6nl\u00e4ndska? Kan en film man inte kan uttala titeln p\u00e5 vara n\u00e5got? Gr\u00f6nland och Sameland \u2013 b\u00e5da har de rykte om sig att vara riktigt exotiska. Det \u00e4r nedisade, gudsf\u00f6rg\u00e4tna trakter d\u00e4r isbj\u00f6rnar vandrar p\u00e5 gatorna. Nog har &hellip; <\/p>\n<p class=\"link-more\"><a href=\"https:\/\/forseth.se\/?page_id=217\" class=\"more-link\">Forts\u00e4tt l\u00e4sa<span class=\"screen-reader-text\"> \u201dQaqqat alanngui \u2013 det sp\u00f6kar p\u00e5 Gr\u00f6nland\u201d<\/span><\/a><\/p>\n","protected":false},"author":1,"featured_media":0,"parent":0,"menu_order":11,"comment_status":"closed","ping_status":"closed","template":"","meta":{"footnotes":""},"class_list":["post-217","page","type-page","status-publish","hentry"],"_links":{"self":[{"href":"https:\/\/forseth.se\/index.php?rest_route=\/wp\/v2\/pages\/217","targetHints":{"allow":["GET"]}}],"collection":[{"href":"https:\/\/forseth.se\/index.php?rest_route=\/wp\/v2\/pages"}],"about":[{"href":"https:\/\/forseth.se\/index.php?rest_route=\/wp\/v2\/types\/page"}],"author":[{"embeddable":true,"href":"https:\/\/forseth.se\/index.php?rest_route=\/wp\/v2\/users\/1"}],"replies":[{"embeddable":true,"href":"https:\/\/forseth.se\/index.php?rest_route=%2Fwp%2Fv2%2Fcomments&post=217"}],"version-history":[{"count":4,"href":"https:\/\/forseth.se\/index.php?rest_route=\/wp\/v2\/pages\/217\/revisions"}],"predecessor-version":[{"id":275,"href":"https:\/\/forseth.se\/index.php?rest_route=\/wp\/v2\/pages\/217\/revisions\/275"}],"wp:attachment":[{"href":"https:\/\/forseth.se\/index.php?rest_route=%2Fwp%2Fv2%2Fmedia&parent=217"}],"curies":[{"name":"wp","href":"https:\/\/api.w.org\/{rel}","templated":true}]}}