{"id":232,"date":"2017-03-07T10:23:52","date_gmt":"2017-03-07T09:23:52","guid":{"rendered":"http:\/\/forseth.se\/idet\/?page_id=232"},"modified":"2017-03-07T10:24:42","modified_gmt":"2017-03-07T09:24:42","slug":"att-gora-en-pudel","status":"publish","type":"page","link":"https:\/\/forseth.se\/?page_id=232","title":{"rendered":"Att g\u00f6ra en pudel"},"content":{"rendered":"<p style=\"text-align: center;\">ATT G\u00d6RA EN PUDEL \u2013 gratistidning.com 2015-01-19<\/p>\n<p style=\"text-align: center;\">\n<p><a href=\"https:\/\/forseth.se\/idet\/wp-content\/uploads\/2017\/03\/Att-goera-en-pudel.jpg\"><img loading=\"lazy\" decoding=\"async\" class=\"aligncenter wp-image-234\" src=\"https:\/\/forseth.se\/idet\/wp-content\/uploads\/2017\/03\/Att-goera-en-pudel.jpg\" width=\"1000\" height=\"666\" srcset=\"https:\/\/forseth.se\/wp-content\/uploads\/2017\/03\/Att-goera-en-pudel.jpg 350w, https:\/\/forseth.se\/wp-content\/uploads\/2017\/03\/Att-goera-en-pudel-300x200.jpg 300w\" sizes=\"auto, (max-width: 767px) 89vw, (max-width: 1000px) 54vw, (max-width: 1071px) 543px, 580px\" \/><\/a><\/p>\n<p style=\"text-align: center;\">\n<style type=\"text\/css\">\n\t<!-- @page { margin: 2cm } P { margin-bottom: 0.21cm } --><br \/>\t<\/style>\n<\/p>\n<p lang=\"sv-SE\" align=\"CENTER\">\n<p lang=\"sv-SE\" align=\"CENTER\"><span style=\"color: #800000;\"><span style=\"font-family: HelveticaNeue-Bold;\"><span style=\"font-size: 300%;\"><b>Att g\u00f6ra en pudel<\/b><\/span><\/span><\/span><\/p>\n<p lang=\"sv-SE\" align=\"CENTER\">\n<p lang=\"sv-SE\" align=\"CENTER\"><span style=\"color: #800000;\"><span style=\"font-family: Georgia-BoldItalic,cursive;\"><span style=\"font-size: large;\"><i><b>F\u00f6rr hade jag sk\u00e4gg under vinterhalv\u00e5ret f\u00f6r att det blev varmare om hakan. N\u00e4r en g\u00e5ng en bekant stod och talade med mig med sin lille son i famnen, str\u00e4ckte sonen ut sin hand, vidr\u00f6rde mitt sk\u00e4gg och sa \u201dHund\u201d.<\/b><\/i><\/span><\/span><\/span><\/p>\n<p lang=\"sv-SE\" align=\"CENTER\">\n<p lang=\"sv-SE\" align=\"LEFT\"><span style=\"color: #800000;\"><span style=\"font-family: Georgia,serif;\"><span style=\"font-size: large;\">S\u00e5nt \u00e4r inte l\u00e4tt f\u00f6r en bj\u00f6rn att ta. Inte f\u00f6r att jag har n\u00e5got emot hundar. Visserligen bits de, det g\u00f6r de d\u00e5 och d\u00e5 p\u00e5 mig n\u00e4r jag talar v\u00e4nligt till en husse eller matte. Eller som n\u00e4r jag gick f\u00f6rbi en eldstad vid Ratekjokk under p\u00e5g\u00e5ende sarvslakt. En hund var bunden d\u00e4r och k\u00e4nde v\u00e4l bj\u00f6rnlukt. Den kom som en oljad blixt ur en buske, h\u00f6gg mig i ena kn\u00e4vecket och h\u00e4ngde sig kvar. Eftersom hunden var bunden kom jag loss genom att slita mig d\u00e4rifr\u00e5n. H\u00e5let i byxan var v\u00e4l en sak, men h\u00e5let i kn\u00e4vecket var stort nog att sticka in tummen i, och senan d\u00e4r inne var fullt synlig. Men inte \u00e4r jag r\u00e4dd f\u00f6r hundar f\u00f6r det. Och f\u00f6r \u00f6vrigt morrade jag elakt \u00e5t nyss n\u00e4mnda jycke ett \u00e5r senare p\u00e5 samma plats. Precis utom kopplets r\u00e4ckvidd. Ha!<\/span><\/span><\/span><\/p>\n<p lang=\"sv-SE\" align=\"LEFT\"><span style=\"color: #800000;\"><span style=\"font-family: Georgia,serif;\"><span style=\"font-size: large;\">En i \u00f6vrigt ordentlig f\u00e5rhund, som jag som ung l\u00e4rde k\u00e4nna i England, upptr\u00e4dde flera g\u00e5nger ytterst oanst\u00e4ndigt mot mig. Och det var \u00e4nd\u00e5 ingen tik; bara det var s\u00e5rande f\u00f6r en kille i puberteten. Men lukten av det liderliga djuret kan jag \u00e4n idag k\u00e4nna. Samtidigt vet jag \u2013 ocks\u00e5 av erfarenhet \u2013 att det finns j\u00e4ttem\u00e5nga trevliga hundar. Jag vill bara inte ha n\u00e5gon sj\u00e4lv.<\/span><\/span><\/span><\/p>\n<p lang=\"sv-SE\" align=\"LEFT\"><span style=\"color: #800000;\"><span style=\"font-family: Georgia,serif;\"><span style=\"font-size: large;\">N\u00e5, pudlar d\u00e5? \u00c4r de riktiga hundar? Eftersom s\u00e5 m\u00e5nga politiker g\u00f6r en pudel, s\u00e5 m\u00e5ste den sorten ha n\u00e5got visst. Saken beh\u00f6ver unders\u00f6kas, t\u00e4nkte jag, n\u00e4r vi i filmstudion satte upp den svenska filmen fr\u00e5n 2006 <span style=\"font-family: Georgia-Italic,cursive;\"><i>Att g\u00f6ra en pudel<\/i><\/span> p\u00e5 programmet (den ska visas p\u00e5 folkh\u00f6gskolan p\u00e5 torsdag den h\u00e4r veckan).<\/span><\/span><\/span><\/p>\n<p lang=\"sv-SE\" align=\"LEFT\"><span style=\"color: #800000;\"><span style=\"font-family: Georgia,serif;\"><span style=\"font-size: large;\">N\u00e4r jag var liten trodde jag, att pudlar var n\u00e5got slags f\u00e5r. Bara tillklippta av folk som ocks\u00e5 ansar sina tr\u00e4dg\u00e5rdsh\u00e4ckar p\u00e5 roliga s\u00e4tt. Trots att jag nu n\u00e4rmare har unders\u00f6kt detta i litteraturen, \u00e4r jag inte helt s\u00e4ker p\u00e5 att det inte \u00e4r m\u00e4nniskor med f\u00f6rk\u00e4rlek f\u00f6r sirliga h\u00e4ckformer som samtidigt inf\u00f6rt modet att klippa pudlar som lejon eller n\u00e5got annat. F\u00f6r att f\u00e5 reda p\u00e5 varifr\u00e5n uttrycket \u201datt g\u00f6ra en pudel\u201d kommer, kan man s\u00e4ga att jag \u201dgick till pudelns k\u00e4rna\u201d.<\/span><\/span><\/span><\/p>\n<p lang=\"sv-SE\" align=\"LEFT\"><span style=\"color: #800000;\"><span style=\"font-family: Georgia,serif;\"><span style=\"font-size: large;\">D\u00e5 fr\u00e5gar sig v\u00e4n av ordning, vad pudelns k\u00e4rna kan vara f\u00f6r n\u00e5got. Om pudeln nu \u00e4r en hund har den ingen k\u00e4rna, vad jag vet. Hj\u00e4rta och \u2013 h\u00e4vdar m\u00e5nga \u2013 sj\u00e4l har den, om nu sj\u00e4len skulle kunna vara k\u00e4rnan.<\/span><\/span><\/span><\/p>\n<p lang=\"sv-SE\" align=\"LEFT\"><span style=\"color: #800000;\"><span style=\"font-family: Georgia,serif;\"><span style=\"font-size: large;\">Det visar sig inte vara s\u00e5 illa t\u00e4nkt, f\u00f6r tydligen \u00e4r det den tyske diktaren <span style=\"font-family: Georgia-Italic,cursive;\"><i>Johann Wolfgang von Goethe<\/i><\/span> (1749\u20131832) som lanserat uttrycket. I sitt drama <span style=\"font-family: Georgia-Italic,cursive;\"><i>Faust<\/i><\/span> tr\u00e4ffar huvudpersonen p\u00e5 en pudel under en promenad och tar den med hem (de hade kanske inte halsband p\u00e5 sig p\u00e5 den tiden, byrackorna). V\u00e4l i Fausts hem f\u00f6rvandlas jycken till fan sj\u00e4lv, <span style=\"font-family: Georgia-Italic,cursive;\"><i>Mefistofeles,<\/i><\/span> varp\u00e5 Faust utbrister: <span style=\"font-family: Georgia-Italic,cursive;\"><i>\u201dDet<\/i><\/span> var s\u00e5ledes pudelns k\u00e4rna!\u201d (fast p\u00e5 tyska).<\/span><\/span><\/span><\/p>\n<p lang=\"sv-SE\" align=\"LEFT\"><span style=\"color: #800000;\"><span style=\"font-family: Georgia,serif;\"><span style=\"font-size: large;\">Den senaste filmatiseringen av \u201dFaust\u201d visade filmstudion f\u00f6rra \u00e5ret. F\u00f6ga anade vi d\u00e5 sambandet med filmen \u201dAtt g\u00f6ra en pudel\u201d. Nu ska detta vara en romantisk komedi om att v\u00e5ga f\u00f6lja sina dr\u00f6mmar, i vilken <span style=\"font-family: Georgia-Italic,cursive;\"><i>Eva R\u00f6se<\/i><\/span> \u00e4r h\u00e5rfris\u00f6rska f\u00f6r hundar. Och det \u00e4r v\u00e4l klart \u2013 finns det frisyrklippta hundar m\u00e5ste det finnas hundfris\u00f6rskor, att jag inte hade t\u00e4nkt p\u00e5 det! \u00c4r det allts\u00e5 hon som \u201dg\u00f6r pudlar\u201d i filmen?<\/span><\/span><\/span><\/p>\n<p lang=\"sv-SE\" align=\"LEFT\"><span style=\"color: #800000;\"><span style=\"font-family: Georgia,serif;\"><span style=\"font-size: large;\">Men politiker som g\u00f6r pudlar \u00e4r s\u00e4llan hundfris\u00f6rer. Pudelns k\u00e4rna i detta uttryck m\u00e5ste allts\u00e5 vara n\u00e5got annat, och det k\u00e4nns inte som att det skulle vara s\u00e5 gammalt som fr\u00e5n Goethes tid.<\/span><\/span><\/span><\/p>\n<p lang=\"sv-SE\" align=\"LEFT\"><span style=\"color: #800000;\"><span style=\"font-family: Georgia,serif;\"><span style=\"font-size: large;\">Och det \u00e4r det inte. I Sveriges regering \u00e5r 2002 avsl\u00f6jades en minister sitta med dubbla l\u00f6ner. \u00c5t detta sa han f\u00f6rst <span style=\"font-family: Georgia-Bold;\"><b>bu<\/b><\/span> och sedan <span style=\"font-family: Georgia-Bold;\"><b>b\u00e4<\/b><\/span>. Han gjorde allts\u00e5 inf\u00f6r media en helomv\u00e4ndning, han kr\u00f6p till korset. Kommunikationsstrategen <span style=\"font-family: Georgia-Italic,cursive;\"><i>P\u00e5l Jebsen<\/i><\/span> beskrev f\u00f6r den stora dagstidningen ministerns handlande med orden: \u201dHan gjorde en hel pudel \u2013 lade sig p\u00e5 rygg och sprattlade med benen\u201d, ty s\u00e5 brukade strategens egna pudlar g\u00f6ra n\u00e4r de f\u00e5tt bannor av honom.<\/span><\/span><\/span><\/p>\n<p lang=\"sv-SE\" align=\"LEFT\"><span style=\"color: #800000;\"><span style=\"font-family: Georgia,serif;\"><span style=\"font-size: large;\">V\u00e5gar vi allts\u00e5 tro, att n\u00e5gon i filmen p\u00e5 torsdag, Eva R\u00f6se eller hennes motspelare <span style=\"font-family: Georgia-Italic,cursive;\"><i>Niklas Engdahl,<\/i><\/span> kommer att l\u00e4gga sig p\u00e5 rygg och sprattla med benen? Man kan ju alltid hoppas.<\/span><\/span><\/span><\/p>\n<p lang=\"sv-SE\" align=\"LEFT\"><span style=\"color: #800000;\"><span style=\"font-family: Georgia,serif;\"><span style=\"font-size: large;\">F\u00f6r \u00f6vrigt \u00e4r <span style=\"font-family: Georgia-Italic,cursive;\"><i>Lena Nyman<\/i><\/span> med ocks\u00e5. Det blev hennes sista roll.<\/span><\/span><\/span><\/p>\n<p align=\"RIGHT\"><span style=\"font-family: HelveticaNeue-Italic,cursive; color: #800000;\"><span style=\"font-size: medium;\"><span lang=\"sv-SE\"><i>En id\u00e9 i idet av Bj\u00f6rn Forseth<\/i><\/span><\/span><\/span><\/p>\n<p style=\"text-align: center;\" align=\"RIGHT\"><a href=\"..\/idet\">\u00c5ter<\/a><\/p>\n","protected":false},"excerpt":{"rendered":"<p>ATT G\u00d6RA EN PUDEL \u2013 gratistidning.com 2015-01-19 Att g\u00f6ra en pudel F\u00f6rr hade jag sk\u00e4gg under vinterhalv\u00e5ret f\u00f6r att det blev varmare om hakan. N\u00e4r en g\u00e5ng en bekant stod och talade med mig med sin lille son i famnen, str\u00e4ckte sonen ut sin hand, vidr\u00f6rde mitt sk\u00e4gg och sa \u201dHund\u201d. S\u00e5nt \u00e4r inte l\u00e4tt &hellip; <\/p>\n<p class=\"link-more\"><a href=\"https:\/\/forseth.se\/?page_id=232\" class=\"more-link\">Forts\u00e4tt l\u00e4sa<span class=\"screen-reader-text\"> \u201dAtt g\u00f6ra en pudel\u201d<\/span><\/a><\/p>\n","protected":false},"author":1,"featured_media":0,"parent":0,"menu_order":13,"comment_status":"closed","ping_status":"closed","template":"","meta":{"footnotes":""},"class_list":["post-232","page","type-page","status-publish","hentry"],"_links":{"self":[{"href":"https:\/\/forseth.se\/index.php?rest_route=\/wp\/v2\/pages\/232","targetHints":{"allow":["GET"]}}],"collection":[{"href":"https:\/\/forseth.se\/index.php?rest_route=\/wp\/v2\/pages"}],"about":[{"href":"https:\/\/forseth.se\/index.php?rest_route=\/wp\/v2\/types\/page"}],"author":[{"embeddable":true,"href":"https:\/\/forseth.se\/index.php?rest_route=\/wp\/v2\/users\/1"}],"replies":[{"embeddable":true,"href":"https:\/\/forseth.se\/index.php?rest_route=%2Fwp%2Fv2%2Fcomments&post=232"}],"version-history":[{"count":5,"href":"https:\/\/forseth.se\/index.php?rest_route=\/wp\/v2\/pages\/232\/revisions"}],"predecessor-version":[{"id":238,"href":"https:\/\/forseth.se\/index.php?rest_route=\/wp\/v2\/pages\/232\/revisions\/238"}],"wp:attachment":[{"href":"https:\/\/forseth.se\/index.php?rest_route=%2Fwp%2Fv2%2Fmedia&parent=232"}],"curies":[{"name":"wp","href":"https:\/\/api.w.org\/{rel}","templated":true}]}}