{"id":281,"date":"2017-03-08T10:45:09","date_gmt":"2017-03-08T09:45:09","guid":{"rendered":"http:\/\/forseth.se\/idet\/?page_id=281"},"modified":"2017-03-08T10:45:09","modified_gmt":"2017-03-08T09:45:09","slug":"prisoners-vilka-fangar","status":"publish","type":"page","link":"https:\/\/forseth.se\/?page_id=281","title":{"rendered":"Prisoners  \u2013 vilka f\u00e5ngar?"},"content":{"rendered":"<p style=\"text-align: center;\">PRISONERS \u2013 gratistidning.com 2015-03-15<\/p>\n<p>&nbsp;<\/p>\n<p><span style=\"color: #800000;\"><a href=\"https:\/\/forseth.se\/idet\/wp-content\/uploads\/2017\/03\/blogg-prisoners.jpg\"><img loading=\"lazy\" decoding=\"async\" class=\"aligncenter size-full wp-image-283\" src=\"https:\/\/forseth.se\/idet\/wp-content\/uploads\/2017\/03\/blogg-prisoners.jpg\" alt=\"\" width=\"1000\" height=\"676\" srcset=\"https:\/\/forseth.se\/wp-content\/uploads\/2017\/03\/blogg-prisoners.jpg 1000w, https:\/\/forseth.se\/wp-content\/uploads\/2017\/03\/blogg-prisoners-300x203.jpg 300w, https:\/\/forseth.se\/wp-content\/uploads\/2017\/03\/blogg-prisoners-768x519.jpg 768w\" sizes=\"auto, (max-width: 767px) 89vw, (max-width: 1000px) 54vw, (max-width: 1071px) 543px, 580px\" \/><\/a><\/p>\n<style type=\"text\/css\">\n\t<!--\n\t\t@page { margin: 2cm }\n\t\tP { margin-bottom: 0.21cm }\n\t-->\n\t<\/style>\n<p><\/span><\/p>\n<p lang=\"sv-SE\" align=\"CENTER\"><span style=\"color: #800000;\"><span style=\"font-family: HelveticaNeue-Bold;\"><span style=\"font-size: 300%;\"><b>Prisoners<\/b><\/span><\/span><\/span><\/p>\n<p lang=\"sv-SE\" align=\"CENTER\"><span style=\"color: #800000;\"><span style=\"font-family: HelveticaNeue-Bold;\"><span style=\"font-size: 300%;\"><b>\u2013 vilka f\u00e5ngar?<\/b><\/span><\/span><\/span><\/p>\n<p lang=\"sv-SE\" align=\"CENTER\"><span style=\"color: #800000;\"><span style=\"font-family: Georgia-BoldItalic,cursive;\"><span style=\"font-size: large;\"><i><b>En radioreporter fr\u00e5gade nyligen Israels ambassad\u00f6r om inte judarna sj\u00e4lva bidrog till \u00f6kande antisemitism (i st\u00e4llet f\u00f6r den mer naturliga fr\u00e5gan om inte Israels politik bidrog till \u00f6kande antisemitism). Den fad\u00e4sen har hon f\u00e5tt \u00e4ta upp, men jag skulle vilja st\u00e4lla en lika felt\u00e4nkt fr\u00e5ga: \u00c4r inte amerikanarna medskyldiga till antiamerikanismen?<\/b><\/i><\/span><\/span><\/span><\/p>\n<p lang=\"sv-SE\" align=\"LEFT\"><span style=\"color: #800000;\"><span style=\"font-family: Georgia,serif;\"><span style=\"font-size: large;\">L\u00e5t oss sk\u00e4rsk\u00e5da den fr\u00e5ga, som jag sj\u00e4lv kallar felt\u00e4nkt \u2013 men \u00e4r en fr\u00e5ga som t\u00e4nks! Efter att tvillingtornen i New York raserats spreds i massmedia en amerikanares troskyldiga fr\u00e5ga: \u201dVarf\u00f6r hatar de oss?\u201d. Flera amerikanska debatt\u00f6rer har besvarat den fr\u00e5gan med, att det bara \u00e4r att se vilka krig och regeringsomst\u00f6rtanden som USA anstiftat.<\/span><\/span><\/span><\/p>\n<p lang=\"sv-SE\" align=\"LEFT\"><span style=\"color: #800000;\"><span style=\"font-family: Georgia,serif;\"><span style=\"font-size: large;\">Till sk\u00e4rsk\u00e5dningen, d\u00e5! Se bara hur jag tv\u00e5 g\u00e5nger skrev \u201damerikaner\u201d fast jag menade USA-medborgare. Nicaraguaner och chilenare \u00e4r ju ocks\u00e5 amerikaner. Vem \u00e4r det som har f\u00e5tt oss att nonchalant kalla USA Amerika?<\/span><\/span><\/span><\/p>\n<p lang=\"sv-SE\" align=\"LEFT\"><span style=\"color: #800000;\"><span style=\"font-family: Georgia,serif;\"><span style=\"font-size: large;\">Vidare: Om jag nu skulle p\u00e5st\u00e5 att US-amerikaner \u00e4r v\u00e5ldsammare, mer krigiska och mer kriminellt belastade \u00e4n andra folk, s\u00e5 skulle m\u00e5nga nicka medh\u00e5ll, l\u00e5t vara motvilligt. Men varifr\u00e5n har vi f\u00e5tt denna bild av US-amerikanerna?<\/span><\/span><\/span><\/p>\n<p lang=\"sv-SE\" align=\"LEFT\"><span style=\"color: #800000;\"><span style=\"font-family: Georgia,serif;\"><span style=\"font-size: large;\">Har de kanske sj\u00e4lva skapat den? D\u00e5 kan de ju sj\u00e4lva ocks\u00e5 ha skapat antiamerikanismen.<\/span><\/span><\/span><\/p>\n<p lang=\"sv-SE\" align=\"LEFT\"><span style=\"color: #800000;\"><span style=\"font-family: Georgia,serif;\"><span style=\"font-size: large;\">Nu vill jag peka ut en mer avgr\u00e4nsad syndabock: <span style=\"font-family: Georgia-Italic,cursive;\"><i>Hollywood.<\/i><\/span> Fr\u00e5n att egentligen vara en stadsdel har detta namn kommit att bli symbol f\u00f6r F\u00f6renta staternas filmindustri. Denna filmindustri har enligt min mening en stor skuld till att vi i resten av v\u00e4rlden f\u00e5tt bilden av omfattande kriminalitet, brutal maffia, v\u00e5ldsamma f\u00e4ngelser, perversa seriem\u00f6rdare och pedofilringar i F\u00f6renta staterna. Redan i vilda v\u00e4stern-filmerna fick vi ju bilden av ett lagl\u00f6st land, d\u00e4r envar gick omkring bev\u00e4pnad. Till yttermera visso har Hollywood envetet framst\u00e4llt sitt eget lands politiker, regering och advokater som korrumperade, ja s\u00e5 korrupta att de skulle ha hemliga f\u00e4ngelser. Och d\u00e5 menar jag inte <span style=\"font-family: Georgia-Italic,cursive;\"><i>Guant\u00e1namo<\/i><\/span> utan riktigt hemliga f\u00f6rvar med utomjordingar!<\/span><\/span><\/span><\/p>\n<p lang=\"sv-SE\" align=\"LEFT\"><span style=\"color: #800000;\"><span style=\"font-family: Georgia,serif;\"><span style=\"font-size: large;\">Det finns ingen tilltro till statsf\u00f6rvaltningen i den allm\u00e4nnare US-amerikanska filmen. De hederliga medborgarnas vardag r\u00e4ddas av st\u00e5ndaktiga enskilda medborgare eller superhj\u00e4ltar.<\/span><\/span><\/span><\/p>\n<p lang=\"sv-SE\" align=\"LEFT\"><span style=\"color: #800000;\"><span style=\"font-family: Georgia,serif;\"><span style=\"font-size: large;\">\u00c4r d\u00e5 denna negativa beskrivning av USA \u201damerikanernas\u201d eget fel? Eller \u00e4r det japanernas? (De stora Hollywood-bolagen \u00e4gs numera av japanska f\u00f6retag, ser ni.) \u2013 Nej, japanernas \u00e4r det definitivt inte, jag har aldrig h\u00f6rt att de japanska \u00e4garna bryr sig det minsta om inneh\u00e5llet i filmerna, de g\u00f6r aff\u00e4rer. I st\u00e4llet har Hollywoods dystra sj\u00e4lvbild anor, som jag hoppas att n\u00e5gon i framtiden analyserar i grunden.<\/span><\/span><\/span><\/p>\n<p lang=\"sv-SE\" align=\"LEFT\"><span style=\"color: #800000;\"><span style=\"font-family: Georgia,serif;\"><span style=\"font-size: large;\">Men vi i omv\u00e4rlden har p\u00e5 en g\u00e5ng f\u00e5tt bilden b\u00e5de av en luxu\u00f6s tillvaro i det stora landet d\u00e4r borta (fattigdom undviks i Hollywoodv\u00e4rlden) och av en fullst\u00e4ndigt v\u00e5ldsam vardag. Och p\u00e5 torsdag f\u00e5r vi se \u00e4nnu en US-amerikansk film om ot\u00e4ck kriminalitet:<\/span><\/span><\/span><\/p>\n<p lang=\"sv-SE\" align=\"LEFT\"><span style=\"color: #800000;\"><span style=\"font-family: Georgia,serif;\"><span style=\"font-size: large;\">I ett idylliskt villaomr\u00e5de f\u00f6rsvinner ett barn. N\u00e5gon verkar helt enkelt ha tagit det. Tiden g\u00e5r, polisen utreder, till synes utan resultat.<\/span><\/span><\/span><\/p>\n<p lang=\"sv-SE\" align=\"LEFT\"><span style=\"color: #800000;\"><span style=\"font-family: Georgia,serif;\"><span style=\"font-size: large;\">\u00c4r d\u00e5 \u201damerikanerna\u201d kidnappare och pedofiler? Det \u00e4r synd att Hollywood gett oss den bilden av USA, men naturligtvis \u00e4r svaret nej. Villaomr\u00e5det kunde ha varit Lombolo eller Porfyren (fast kanske i en st\u00f6rre stads omgivningar). Och precis som i Caroline-fallet utreder polisen fast\u00e4n allm\u00e4nheten \u00e4nnu inte ser n\u00e5gra resultat. Och d\u00e4r som h\u00e4r blir de anh\u00f6riga sk\u00e4rrade, f\u00e5 saker kan v\u00e4l vara mer fasav\u00e4ckande f\u00f6r f\u00f6r\u00e4ldrar \u00e4n att deras barn snappats bort? \u00c4r det d\u00e5 s\u00e5 konstigt om n\u00e5gon f\u00f6r\u00e4lder reagerar med att ta lagen i egna h\u00e4nder? \u2013 Men hur l\u00e5ngt f\u00e5r man g\u00e5?<\/span><\/span><\/span><\/p>\n<p lang=\"sv-SE\" align=\"LEFT\"><span style=\"color: #800000;\"><span style=\"font-family: Georgia,serif;\"><span style=\"font-size: large;\"><span lang=\"sv-SE\">Filmen <\/span><span style=\"font-family: Georgia-Italic,cursive;\"><span lang=\"sv-SE\"><i>Prisoners<\/i><\/span><\/span><span lang=\"sv-SE\"> behandlar b\u00e5de polisarbete och brottsoffers v\u00e5nda, i likhet med den prisade danska teveserien <\/span><span style=\"font-family: Georgia-Italic,cursive;\"><span lang=\"sv-SE\"><i>Brottet.<\/i><\/span><\/span><span lang=\"sv-SE\"> Fr\u00e5gan \u00e4r, vilka som \u00e4r \u201df\u00e5ngarna\u201d. D\u00e4rf\u00f6r skulle jag vilja s\u00e4ga, att filmen h\u00e5ller dansk kvalitet \u2013 ett betyg s\u00e5 gott som n\u00e5got.<\/span><\/span><\/span><\/span><\/p>\n<p lang=\"sv-SE\" align=\"RIGHT\"><span style=\"color: #800000;\"><span style=\"font-family: Georgia,serif;\"><span style=\"font-size: large;\"><span style=\"font-family: HelveticaNeue-Italic,cursive;\"><span style=\"font-size: medium;\"><span lang=\"sv-SE\"><i>En id\u00e9 i idet av Bj\u00f6rn Forseth<\/i><\/span><\/span><\/span><\/span><\/span><\/span><\/p>\n<p lang=\"sv-SE\" align=\"RIGHT\">\n<p lang=\"sv-SE\" align=\"RIGHT\">\n<p lang=\"sv-SE\" style=\"text-align: center;\" align=\"RIGHT\"><a href=\"..\/idet\">\u00c5ter<\/a><\/p>\n","protected":false},"excerpt":{"rendered":"<p>PRISONERS \u2013 gratistidning.com 2015-03-15 &nbsp; Prisoners \u2013 vilka f\u00e5ngar? En radioreporter fr\u00e5gade nyligen Israels ambassad\u00f6r om inte judarna sj\u00e4lva bidrog till \u00f6kande antisemitism (i st\u00e4llet f\u00f6r den mer naturliga fr\u00e5gan om inte Israels politik bidrog till \u00f6kande antisemitism). Den fad\u00e4sen har hon f\u00e5tt \u00e4ta upp, men jag skulle vilja st\u00e4lla en lika felt\u00e4nkt fr\u00e5ga: \u00c4r &hellip; <\/p>\n<p class=\"link-more\"><a href=\"https:\/\/forseth.se\/?page_id=281\" class=\"more-link\">Forts\u00e4tt l\u00e4sa<span class=\"screen-reader-text\"> \u201dPrisoners  \u2013 vilka f\u00e5ngar?\u201d<\/span><\/a><\/p>\n","protected":false},"author":1,"featured_media":0,"parent":0,"menu_order":21,"comment_status":"closed","ping_status":"closed","template":"","meta":{"footnotes":""},"class_list":["post-281","page","type-page","status-publish","hentry"],"_links":{"self":[{"href":"https:\/\/forseth.se\/index.php?rest_route=\/wp\/v2\/pages\/281","targetHints":{"allow":["GET"]}}],"collection":[{"href":"https:\/\/forseth.se\/index.php?rest_route=\/wp\/v2\/pages"}],"about":[{"href":"https:\/\/forseth.se\/index.php?rest_route=\/wp\/v2\/types\/page"}],"author":[{"embeddable":true,"href":"https:\/\/forseth.se\/index.php?rest_route=\/wp\/v2\/users\/1"}],"replies":[{"embeddable":true,"href":"https:\/\/forseth.se\/index.php?rest_route=%2Fwp%2Fv2%2Fcomments&post=281"}],"version-history":[{"count":1,"href":"https:\/\/forseth.se\/index.php?rest_route=\/wp\/v2\/pages\/281\/revisions"}],"predecessor-version":[{"id":284,"href":"https:\/\/forseth.se\/index.php?rest_route=\/wp\/v2\/pages\/281\/revisions\/284"}],"wp:attachment":[{"href":"https:\/\/forseth.se\/index.php?rest_route=%2Fwp%2Fv2%2Fmedia&parent=281"}],"curies":[{"name":"wp","href":"https:\/\/api.w.org\/{rel}","templated":true}]}}