{"id":320,"date":"2017-03-14T19:33:08","date_gmt":"2017-03-14T18:33:08","guid":{"rendered":"http:\/\/forseth.se\/idet\/?page_id=320"},"modified":"2017-03-14T19:33:36","modified_gmt":"2017-03-14T18:33:36","slug":"nebraska-apr-20-2015","status":"publish","type":"page","link":"https:\/\/forseth.se\/?page_id=320","title":{"rendered":"En gubbe p\u00e5 v\u00e4g till Nebraska"},"content":{"rendered":"<p style=\"text-align: center;\">NEBRASKA \u2013 gratistidning.com 2015-04-20<\/p>\n<p style=\"text-align: center;\"><a href=\"https:\/\/forseth.se\/idet\/wp-content\/uploads\/2017\/03\/Nebraska-2.jpg\"><img loading=\"lazy\" decoding=\"async\" class=\"aligncenter wp-image-321 size-full\" src=\"https:\/\/forseth.se\/idet\/wp-content\/uploads\/2017\/03\/Nebraska-2.jpg\" alt=\"\" width=\"1024\" height=\"570\" srcset=\"https:\/\/forseth.se\/wp-content\/uploads\/2017\/03\/Nebraska-2.jpg 1024w, https:\/\/forseth.se\/wp-content\/uploads\/2017\/03\/Nebraska-2-300x167.jpg 300w, https:\/\/forseth.se\/wp-content\/uploads\/2017\/03\/Nebraska-2-768x428.jpg 768w\" sizes=\"auto, (max-width: 767px) 89vw, (max-width: 1000px) 54vw, (max-width: 1071px) 543px, 580px\" \/><\/a><\/p>\n<p style=\"text-align: center;\">\n<style type=\"text\/css\">\n\t<!-- @page { margin: 2cm } P { margin-bottom: 0.21cm } --><br \/>\n\t<\/style>\n<\/p>\n<p lang=\"sv-SE\" align=\"CENTER\"><span style=\"color: #800000;\"><span style=\"font-family: HelveticaNeue-Bold;\"><span style=\"font-size: 300%;\"><b>En gubbe p\u00e5 v\u00e4g till Nebraska<\/b><\/span><\/span><\/span><\/p>\n<p lang=\"sv-SE\" align=\"CENTER\"><span style=\"color: #800000;\"><span style=\"font-family: Georgia-BoldItalic,cursive;\"><span style=\"font-size: large;\"><i><b>Att polisen plockar upp ens gamle far p\u00e5 landsv\u00e4gen, d\u00e4r han raglar fram med hundp\u00e4lsm\u00f6ssan p\u00e5 sned p\u00e5 v\u00e4g att h\u00e4mta ut en lottovinst hundrafemtio mil bort \u2013 kan man kalla det f\u00f6r en komedi?<\/b><\/i><\/span><\/span><\/span><\/p>\n<p lang=\"sv-SE\" align=\"LEFT\"><span style=\"color: #800000;\">\u2013 <span style=\"font-family: Georgia,serif;\"><span style=\"font-size: large;\">Finsk humor, skulle v\u00e4l n\u00e5gon s\u00e4ga. Och det \u00e4r ju roligt. Att kalla det finsk humor, menar jag.<\/span><\/span><\/span><\/p>\n<p lang=\"sv-SE\" align=\"LEFT\"><span style=\"color: #800000;\"><span style=\"font-family: Georgia,serif;\"><span style=\"font-size: large;\">Men det \u00e4r nog inte s\u00e5 dumt, om man t\u00e4nker efter. S\u00e5 l\u00e5t oss t\u00e4nka efter: vad \u00e4r komedi? \u00c4r det n\u00e4r folk krockar med bilar utan att n\u00e5gon d\u00f6r, att n\u00e5gon halkar p\u00e5 ett bananskal och faller pladask utan att skada ryggraden eller skallen, att n\u00e5gon ilsken karl i stor mustasch l\u00e5ngsamt smetar en t\u00e5rta i Helans ansikte medan en olycklig Halvan ser p\u00e5? \u00c4r det ens roligt?<\/span><\/span><\/span><\/p>\n<p lang=\"sv-SE\" align=\"LEFT\"><span style=\"color: #800000;\"><span style=\"font-family: Georgia,serif;\"><span style=\"font-size: large;\">Jo, en del komedier best\u00e5r av s\u00e5dant, och nog \u00e4r det roligt m\u00e5nga g\u00e5nger. De \u00e4r lite som ny\u00e5rsspex p\u00e5 Fredriksdalsteatern, som man kan kalla farser eller buskis.<\/span><\/span><\/span><\/p>\n<p lang=\"sv-SE\" align=\"LEFT\"><span style=\"color: #800000;\"><span style=\"font-family: Georgia,serif;\"><span style=\"font-size: large;\">Skilda kulturer har olika humor. En del gillar att l\u00e5ta sk\u00e5despelarna prata h\u00f6gljutt om tuttar och trosor och sj\u00e4lva skratta \u00e5t det; att l\u00e5ta dem anv\u00e4nda svordomar och runda ord f\u00f6r att visa hur frimodiga de \u00e4r som v\u00e5gar sk\u00e4mta om s\u00e5dant. Det \u00e4r f\u00f6rst\u00e5s en sorts komedi, avdelningen f\u00f6r kiss- och bajshumor.<\/span><\/span><\/span><\/p>\n<p lang=\"sv-SE\" align=\"LEFT\"><span style=\"color: #800000;\"><span style=\"font-family: Georgia,serif;\"><span style=\"font-size: large;\">Och s\u00e5 finns det allts\u00e5 finsk humor. Eller g\u00f6r det inte det? \u00c4r det inte finsk humor n\u00e4r hj\u00e4lten kommer ut ur sitt hyreshus f\u00f6r att ta sin cabriolet, som han st\u00e4llt utanf\u00f6r porten, bara f\u00f6r att finna att en lapplisa just skriver ut en lapp och d\u00e5 s\u00e4ger: \u201dVad ska jag g\u00f6ra f\u00f6r att slippa den d\u00e4r?\u201d, varp\u00e5 lapplisan svarar: \u201dEn lunch\u201d och han replikerar \u201dOkej\u201d. Hon river lappen, s\u00e4tter sig i bilen och han g\u00f6r en u-sv\u00e4ng och k\u00f6r \u00f6ver hennes uniformshatt, som bl\u00e5st av. \u201dJag tyckte \u00e4nd\u00e5 aldrig om den d\u00e4r uniformsm\u00f6ssan\u201d, s\u00e4ger hon. I n\u00e4sta scen st\u00e5r de och \u00e4ter var sin varm korv vid en korvmoj. \u00c4r inte det finsk humor?<\/span><\/span><\/span><\/p>\n<p lang=\"sv-SE\" align=\"LEFT\"><span style=\"color: #800000;\"><span style=\"font-family: Georgia,serif;\"><span style=\"font-size: large;\">Fast en del tycker inte det \u00e4r kul alls. Det \u00e4r ju vardagsh\u00e4ndelser, bara. Men n\u00e4r s\u00e5dana vardagsh\u00e4ndelser staplas p\u00e5 varandra till ljudet av v\u00e4lformulerad f\u00e5ordighet, d\u00e5 b\u00f6rjar man till slut skratta \u00e5t den dr\u00e5pliga tillvaro som skildras. Drama blir till komedi!<\/span><\/span><\/span><\/p>\n<p lang=\"sv-SE\" align=\"LEFT\"><span style=\"color: #800000;\"><span style=\"font-family: Georgia,serif;\"><span style=\"font-size: large;\">I <span style=\"font-family: Georgia-Italic,cursive;\"><i>Nebraska<\/i><\/span> fr\u00e5n 2013 som visas nu p\u00e5 torsdag \u00e4r en gammal farbror besatt av att ta sig hundrafemtio mil bort f\u00f6r att h\u00e4mta ut en lottovinst, som vid n\u00e4rmare betraktande snarast liknar ett \u201dNigeriabrev\u201d. Hans maka drivs till vanvettets rand av hans eviga f\u00f6rsvinnanden, och sonen m\u00e5ste till slut ge efter f\u00f6r pappans omedg\u00f6rliga barnatro och k\u00f6ra honom de d\u00e4r hundrafemtio milen f\u00f6r att lugna honom s\u00e5 att han kan slippa h\u00e4mta ut farsan p\u00e5 fler polisstationer.<\/span><\/span><\/span><\/p>\n<p lang=\"sv-SE\" align=\"LEFT\"><span style=\"color: #800000;\"><span style=\"font-family: Georgia,serif;\"><span style=\"font-size: large;\">L\u00e5ter det <span style=\"font-family: Georgia-Italic,cursive;\"><i>d\u00f6\u00f6\u00f6tr\u00e5kigt?<\/i><\/span> Tja, m\u00e5nga av oss har envisa pappor som kanske inte har alla getter hemma, men vad g\u00f6r man? Inte g\u00f6r man film av det i alla fall. Men si \u2013 det \u00e4r just vad en vision\u00e4r regiss\u00f6r kan f\u00e5 f\u00f6r sig att g\u00f6ra. Och n\u00e4r en enkel situation utvecklas till en road-movie som passerar platser d\u00e4r gamlingen en g\u00e5ng levt, kan en ny n\u00e4rhet uppst\u00e5 mellan sonen och hans grinige far. \u201dVarf\u00f6r skaffade du och mamma oss barn, n\u00e4r du mest gn\u00e4ller \u00f6ver oss?\u201d kan han fr\u00e5ga och f\u00e5 till svar \u201dJag gillade att knulla och hon var katolik, s\u00e5 vad tror du?\u201d. Det \u00e4r n\u00e5got finskt \u00f6ver en s\u00e5dan amerikansk ordv\u00e4xling. Efter\u00e5t uppt\u00e4cker man att man sett en komedi!<\/span><\/span><\/span><\/p>\n<p lang=\"sv-SE\" align=\"LEFT\"><span style=\"color: #800000;\"><span style=\"font-family: Georgia,serif;\"><span style=\"font-size: large;\">Den vision\u00e4re regiss\u00f6ren heter f\u00f6r \u00f6vrigt <span style=\"font-family: Georgia-Italic,cursive;\"><i>Alexander Payne,<\/i><\/span> som m\u00e5nga av oss stiftade bekantskap med genom <span style=\"font-family: Georgia-Italic,cursive;\"><i>About Schmidt<\/i><\/span> \u00e5r 2002.<\/span><\/span><\/span><\/p>\n<p align=\"RIGHT\"><span style=\"font-family: HelveticaNeue-Italic,cursive; color: #800000;\"><span style=\"font-size: medium;\"><span lang=\"sv-SE\"><i>En id\u00e9 i idet av Bj\u00f6rn Forseth<\/i><\/span><\/span><\/span><\/p>\n<p style=\"text-align: center;\" align=\"RIGHT\"><a href=\"..\/idet\">\u00c5ter<\/a><\/p>\n","protected":false},"excerpt":{"rendered":"<p>NEBRASKA \u2013 gratistidning.com 2015-04-20 En gubbe p\u00e5 v\u00e4g till Nebraska Att polisen plockar upp ens gamle far p\u00e5 landsv\u00e4gen, d\u00e4r han raglar fram med hundp\u00e4lsm\u00f6ssan p\u00e5 sned p\u00e5 v\u00e4g att h\u00e4mta ut en lottovinst hundrafemtio mil bort \u2013 kan man kalla det f\u00f6r en komedi? \u2013 Finsk humor, skulle v\u00e4l n\u00e5gon s\u00e4ga. Och det \u00e4r &hellip; <\/p>\n<p class=\"link-more\"><a href=\"https:\/\/forseth.se\/?page_id=320\" class=\"more-link\">Forts\u00e4tt l\u00e4sa<span class=\"screen-reader-text\"> \u201dEn gubbe p\u00e5 v\u00e4g till Nebraska\u201d<\/span><\/a><\/p>\n","protected":false},"author":1,"featured_media":0,"parent":0,"menu_order":25,"comment_status":"closed","ping_status":"closed","template":"","meta":{"footnotes":""},"class_list":["post-320","page","type-page","status-publish","hentry"],"_links":{"self":[{"href":"https:\/\/forseth.se\/index.php?rest_route=\/wp\/v2\/pages\/320","targetHints":{"allow":["GET"]}}],"collection":[{"href":"https:\/\/forseth.se\/index.php?rest_route=\/wp\/v2\/pages"}],"about":[{"href":"https:\/\/forseth.se\/index.php?rest_route=\/wp\/v2\/types\/page"}],"author":[{"embeddable":true,"href":"https:\/\/forseth.se\/index.php?rest_route=\/wp\/v2\/users\/1"}],"replies":[{"embeddable":true,"href":"https:\/\/forseth.se\/index.php?rest_route=%2Fwp%2Fv2%2Fcomments&post=320"}],"version-history":[{"count":2,"href":"https:\/\/forseth.se\/index.php?rest_route=\/wp\/v2\/pages\/320\/revisions"}],"predecessor-version":[{"id":323,"href":"https:\/\/forseth.se\/index.php?rest_route=\/wp\/v2\/pages\/320\/revisions\/323"}],"wp:attachment":[{"href":"https:\/\/forseth.se\/index.php?rest_route=%2Fwp%2Fv2%2Fmedia&parent=320"}],"curies":[{"name":"wp","href":"https:\/\/api.w.org\/{rel}","templated":true}]}}