{"id":327,"date":"2017-03-14T20:20:09","date_gmt":"2017-03-14T19:20:09","guid":{"rendered":"http:\/\/forseth.se\/idet\/?page_id=327"},"modified":"2017-03-14T20:21:06","modified_gmt":"2017-03-14T19:21:06","slug":"kvinnan-i-rummet-och-apornas-planet-apr-27-2015","status":"publish","type":"page","link":"https:\/\/forseth.se\/?page_id=327","title":{"rendered":"Apornas planet p\u00e5 Barnkanalen"},"content":{"rendered":"<p style=\"text-align: center;\">KVINNAN I RUMMET och APORNAS PLANET<\/p>\n<p style=\"text-align: center;\">\u2013 gratistidning.com 2015-04-27<\/p>\n<p><span style=\"color: #800000;\"><a href=\"https:\/\/forseth.se\/idet\/wp-content\/uploads\/2017\/03\/Kvinnan-i-rummet-2.jpeg\"><img loading=\"lazy\" decoding=\"async\" class=\"aligncenter size-full wp-image-328\" src=\"https:\/\/forseth.se\/idet\/wp-content\/uploads\/2017\/03\/Kvinnan-i-rummet-2.jpeg\" alt=\"\" width=\"1000\" height=\"417\" srcset=\"https:\/\/forseth.se\/wp-content\/uploads\/2017\/03\/Kvinnan-i-rummet-2.jpeg 1000w, https:\/\/forseth.se\/wp-content\/uploads\/2017\/03\/Kvinnan-i-rummet-2-300x125.jpeg 300w, https:\/\/forseth.se\/wp-content\/uploads\/2017\/03\/Kvinnan-i-rummet-2-768x320.jpeg 768w\" sizes=\"auto, (max-width: 767px) 89vw, (max-width: 1000px) 54vw, (max-width: 1071px) 543px, 580px\" \/><\/a><\/span><\/p>\n<style type=\"text\/css\">\n\t<!-- @page { margin: 2cm } P { margin-bottom: 0.21cm } --><br \/>\n\t<\/style>\n<p>&nbsp;<\/p>\n<p lang=\"sv-SE\" align=\"CENTER\"><span style=\"color: #800000;\"><span style=\"font-family: HelveticaNeue-Bold;\"><span style=\"font-size: 300%;\"><b>Apornas planet p\u00e5 Barnkanalen<\/b><\/span><\/span><\/span><\/p>\n<p lang=\"sv-SE\" align=\"CENTER\"><span style=\"color: #800000;\"><span style=\"font-family: Georgia-BoldItalic,cursive;\"><span style=\"font-size: large;\"><i><b>En av filmstudions medlemmar undrade varf\u00f6r vi skulle visa \u201dApornas planet\u201d i v\u00e5r majserie, den borde v\u00e4l h\u00f6ra hemma i Barnkanalen? Tja \u2013 varf\u00f6r skulle vi inte kunna visa n\u00e5got som passade i Barnkanalen? Vi har ju k\u00f6rt \u201dF\u00e5ret Shaun\u201d som f\u00f6rspel en massa g\u00e5nger!<\/b><\/i><\/span><\/span><\/span><\/p>\n<p lang=\"sv-SE\" align=\"LEFT\"><span style=\"color: #800000;\"><span style=\"font-family: Georgia,serif;\"><span style=\"font-size: large;\">Men den gode medlemmen hade l\u00e5tit lura sig av filmens titel. S\u00e5 rara apekatter handlar filmen n\u00e4mligen inte om. Aporna i fr\u00e5ga h\u00e4rskar n\u00e4mligen \u00f6ver sin planet medan m\u00e4nniskorna d\u00e4r \u00e4r stum boskap.<\/span><\/span><\/span><\/p>\n<p lang=\"sv-SE\" align=\"LEFT\"><span style=\"color: #800000;\"><span style=\"font-family: Georgia,serif;\"><span style=\"font-size: large;\">En s\u00e5dan historia kan kallas <span style=\"font-family: Georgia-Italic,cursive;\"><i>science fiction,<\/i><\/span> eftersom den f\u00f6ruts\u00e4tter fantiserade v\u00e4rldar. Begreppet science fiction, lika osvenskt som <span style=\"font-family: Georgia-Italic,cursive;\"><i>public service<\/i><\/span> men ocks\u00e5 lika mycket anv\u00e4nt; det begreppet st\u00f6r en del m\u00e4nniskor, som tycker s\u00e5dant \u00e4r f\u00f6r verklighetsfr\u00e4mmande. Men om filmer som <span style=\"font-family: Georgia-Italic,cursive;\"><i>Stj\u00e4rnornas krig<\/i><\/span> (i serien <span style=\"font-family: Georgia-Italic,cursive;\"><i>Star wars)<\/i><\/span> och <span style=\"font-family: Georgia-Italic,cursive;\"><i>Star trek<\/i><\/span> vanligen kallas science fiction, s\u00e5 h\u00e4nf\u00f6r jag dem personligen till sagosf\u00e4ren. De filmerna bryr sig n\u00e4mligen inte om fysikens lagar, och d\u00e5 kan jag f\u00f6rst\u00e5 att en del st\u00f6r sig p\u00e5 dem. Men sagor kan ocks\u00e5 vara kul!<\/span><\/span><\/span><\/p>\n<p lang=\"sv-SE\" align=\"LEFT\"><span style=\"color: #800000;\"><span style=\"font-family: Georgia,serif;\"><span style=\"font-size: large;\">Apornas krig h\u00f6r till en annan sorts science fiction, den sorten som vill v\u00e4cka tankar om m\u00f6jliga alternativ till v\u00e5r vardag. Under andra halvan av 1800-talet skrev tv\u00e5 framst\u00e5ende europeiska f\u00f6rfattare banbrytande science fiction-litteratur: fransmannen <span style=\"font-family: Georgia-Italic,cursive;\"><i>Jules Verne<\/i><\/span> och engelsmannen <span style=\"font-family: Georgia-Italic,cursive;\"><i>H G Wells.<\/i><\/span><\/span><\/span><\/span><\/p>\n<p lang=\"sv-SE\" align=\"LEFT\"><span style=\"color: #800000;\"><span style=\"font-family: Georgia,serif;\"><span style=\"font-size: large;\">Den f\u00f6rres litteratur var vision\u00e4r; det blev ju i n\u00e4sta \u00e5rhundrade b\u00e5de resor till m\u00e5nen och v\u00e4rldsomseglingar under havet. Den senare varnade mer f\u00f6r hur illa det kan g\u00e5, n\u00e4r man i industrialismens England \u2013 hans tid \u2013 undertryckte arbetarklassen. I <span style=\"font-family: Georgia-Italic,cursive;\"><i>Tidsmaskinen<\/i><\/span> fr\u00e5n 1895 finner huvudpersonen, att i framtidens v\u00e4rld bor ovan jord en klass av dagdrivare med fritt vivre medan en h\u00e5rt arbetande klass nere i underjorden b\u00e5de f\u00f6rs\u00f6rjer dr\u00f6narna d\u00e4r uppe och \u2013 nej, mer s\u00e4ger jag inte. Men Apornas planet h\u00f6r mer till denna kategori av science fiction.<\/span><\/span><\/span><\/p>\n<p lang=\"sv-SE\" align=\"LEFT\"><span style=\"color: #800000;\"><span style=\"font-family: Georgia,serif;\"><span style=\"font-size: large;\">F\u00f6r \u00f6vrigt \u00e4r det originalet fr\u00e5n 1968 vi ska visa i maj. Eftersom det i dagarna b\u00e5de g\u00e5r en och tv\u00e5 uppf\u00f6ljare till den, s\u00e5 kan man med fog kalla filmen en klassiker, och en klassiker i m\u00e5naden vill filmstudion g\u00e4rna visa.<\/span><\/span><\/span><\/p>\n<p lang=\"sv-SE\" align=\"LEFT\"><span style=\"color: #800000;\"><span style=\"font-family: Georgia,serif;\"><span style=\"font-size: large;\">Allt annat \u00e4n en klassiker \u00e4r majseriens f\u00f6rsta film, som \u00e4r en ny dansk deckare: <span style=\"font-family: Georgia-Italic,cursive;\"><i>Kvinnan i rummet<\/i><\/span> efter romanen med samma namn. En v\u00e4n tipsade mig f\u00f6r n\u00e5gra \u00e5r sedan om en serie b\u00f6cker, som enligt henne \u201dvar det b\u00e4sta sedan millennietrilogin\u201d. F\u00f6rfattaren hette <span style=\"font-family: Georgia-Italic,cursive;\"><i>Jussi Adler-Olsen,<\/i><\/span> och han hade 2007 b\u00f6rjat ge ut en serie b\u00f6cker om en kriminalare, som inte \u00e4lskar sina arbetskamrater och inte heller \u00e4lskas av dem och d\u00e4rf\u00f6r f\u00e5r ta sig an gamla fall i polishusets k\u00e4llare och d\u00e4rtill tilldelas en st\u00e4dare att h\u00e5lla n\u00e5gorlunda ordning p\u00e5 b\u00e5de honom och den nya avdelningen. St\u00e4daren \u00e4r en invandrare, som visar sig ha huvudet p\u00e5 skaft och ja \u2013 ni fattar uppl\u00e4gget.<\/span><\/span><\/span><\/p>\n<p lang=\"sv-SE\" align=\"LEFT\"><span style=\"color: #800000;\"><span style=\"font-family: Georgia,serif;\"><span style=\"font-size: large;\">Och v\u00e4nnen hade r\u00e4tt: b\u00f6ckerna \u00e4r nog det b\u00e4sta sedan millennietrilogin, och nu har man b\u00f6rjat filma dem. Kvinnan i rummet, filmen, \u00e4r fr\u00e5n 2012 och har <span style=\"font-family: Georgia-Italic,cursive;\"><i>Nikolaj Lie Kaas<\/i><\/span> i rollen som den o\u00e4lskade polisen och svenske <span style=\"font-family: Georgia-Italic,cursive;\"><i>Fares Fares<\/i><\/span> i rollen som den oanade kriminalst\u00e4daren. Danskarna gick man ur huse f\u00f6r att se den, m\u00e5nne Kirunaborna g\u00f6r detsamma? D\u00e5 kanske vi kan ta in filmatiseringen av n\u00e4sta bok ocks\u00e5 s\u00e5 sm\u00e5ningom\u2026<\/span><\/span><\/span><\/p>\n<p lang=\"sv-SE\" align=\"LEFT\"><span style=\"color: #800000;\"><span style=\"font-family: Georgia,serif;\"><span style=\"font-size: large;\">Eftersom Kristi himmelsf\u00e4rdsdag infaller p\u00e5 filmstudiodagen torsdag hoppar vi \u00f6ver en vecka, \u00e5 andra sidan visar vi tv\u00e5 filmer sista veckan i samarbete med <span style=\"font-family: Georgia-Italic,cursive;\"><i>Pamoja-<\/i><\/span>festivalen p\u00e5 folkh\u00f6gskolan, precis som f\u00f6rra \u00e5ret. Filmerna ska vara i samklang med Pamojas r\u00e4ttvisetanke och d\u00e4rf\u00f6r best\u00e5r de av dels den indiska <span style=\"font-family: Georgia-Italic,cursive;\"><i>Bandit queen<\/i><\/span> fr\u00e5n 1994 (om en kvinna som verkligen tar i med h\u00e5rdhandskarna mot den indiska v\u00e5ldt\u00e4ktskulturen, om man s\u00e4ger s\u00e5), dels den engelska <span style=\"font-family: Georgia-Italic,cursive;\"><i>Belle,<\/i><\/span> en flicka i Storbritannien p\u00e5 1700-talet, dotter till en amiral som f\u00f6rlustat sig med en slavinna. Det \u00e4r bara det, att brittiska adelsflickor p\u00e5 1700-talet inte brukade vara m\u00f6rkhyade\u2026 Belle \u00e4r fr\u00e5n 2013.<\/span><\/span><\/span><\/p>\n<p lang=\"sv-SE\" align=\"LEFT\"><span style=\"color: #800000;\"><span style=\"font-family: Georgia,serif;\"><span style=\"font-size: large;\">V\u00e5rens s\u00e4song har dragit folk, s\u00e5 antagligen l\u00e5ter vi innehavarna av majkortet se en film f\u00f6rsta torsdagen i juni ocks\u00e5: <span style=\"font-family: Georgia-Italic,cursive;\"><i>Les mis\u00e9rables<\/i><\/span> fr\u00e5n 2012. F\u00f6r ovanlighetens skull i dagens Sverige har filmen en fransk titel. Flera andra inspelningar efter samma bok har hetat likadant, vilket kan f\u00e5 en att undra, vad som \u00e4r s\u00e5 s\u00e4rskilt med den. F\u00f6rlagan \u00e4r <span style=\"font-family: Georgia-Italic,cursive;\"><i>Victor Hugos<\/i><\/span> roman med samma namn fr\u00e5n 1862, p\u00e5 svenska hette den <span style=\"font-family: Georgia-Italic,cursive;\"><i>Samh\u00e4llets olycksbarn<\/i><\/span> (ordagrant skulle det ha blivit \u201dDe el\u00e4ndiga\u201d). Boken har filmats minst tio g\u00e5nger; i Frankrike och i USA, i Italien och \u00d6sttyskland och i England och V\u00e4sttyskland, som stumfilm och som ljudfilm, i svartvitt s\u00e5v\u00e4l som i f\u00e4rg, som tecknad film och som spelfilm, som drama s\u00e5v\u00e4l som musikal. Och alla versioner har i original hetat Les mis\u00e9rables! Att till och med Hollywood beh\u00e5llit namnet\u2026 Kan det ha r\u00f6rt sig om respekt f\u00f6r den store Victor Hugo, m\u00e5nne?<\/span><\/span><\/span><\/p>\n<p lang=\"sv-SE\" align=\"LEFT\"><span style=\"color: #800000;\"><span style=\"font-family: Georgia,serif;\"><span style=\"font-size: large;\">Fyra av versionerna har f\u00f6rresten i Sverige hetat som boken p\u00e5 svenska, Samh\u00e4llets olycksbarn. I likhet med H G Wells beskriver Victor Hugo i boken det el\u00e4nde som industrialismen uts\u00e4tter sina olycksbarn f\u00f6r. Att g\u00f6ra musikal av n\u00e5got med en s\u00e5dan el\u00e4ndestitel l\u00e5ter inte s\u00e5 lyckat. Men det \u00e4r just den versionen vi ska visa som s\u00e4songsavslutning. Vi f\u00e5r se om <span style=\"font-family: Georgia-Italic,cursive;\"><i>Russel Crowe, Anne Hathaway<\/i><\/span> och de andra g\u00f6r Victor Hugo r\u00e4ttvisa. Och g\u00f6r komposit\u00f6ren r\u00e4ttvisa! F\u00f6r de antas ju sjunga till <span style=\"font-family: Georgia-Italic,cursive;\"><i>Claude-Michel Sch\u00f6nbergs<\/i><\/span> musik.<\/span><\/span><\/span><\/p>\n<p lang=\"sv-SE\" align=\"LEFT\"><span style=\"color: #800000;\"><span style=\"font-family: Georgia,serif;\"><span style=\"font-size: large;\">Hoppas de kan ta ton, annars \u00e4r de den filmens olycksbarn.<\/span><\/span><\/span><\/p>\n<p lang=\"sv-SE\" align=\"RIGHT\"><span style=\"color: #800000;\"><span style=\"font-family: HelveticaNeue-Italic,cursive;\"><span style=\"font-size: medium;\"><i>En id\u00e9 i idet av Bj\u00f6rn Forseth<\/i><\/span><\/span><\/span><\/p>\n<p lang=\"sv-SE\" style=\"text-align: center;\" align=\"RIGHT\"><a href=\"..\/idet\">\u00c5ter<\/a><\/p>\n","protected":false},"excerpt":{"rendered":"<p>KVINNAN I RUMMET och APORNAS PLANET \u2013 gratistidning.com 2015-04-27 &nbsp; Apornas planet p\u00e5 Barnkanalen En av filmstudions medlemmar undrade varf\u00f6r vi skulle visa \u201dApornas planet\u201d i v\u00e5r majserie, den borde v\u00e4l h\u00f6ra hemma i Barnkanalen? Tja \u2013 varf\u00f6r skulle vi inte kunna visa n\u00e5got som passade i Barnkanalen? Vi har ju k\u00f6rt \u201dF\u00e5ret Shaun\u201d som &hellip; <\/p>\n<p class=\"link-more\"><a href=\"https:\/\/forseth.se\/?page_id=327\" class=\"more-link\">Forts\u00e4tt l\u00e4sa<span class=\"screen-reader-text\"> \u201dApornas planet p\u00e5 Barnkanalen\u201d<\/span><\/a><\/p>\n","protected":false},"author":1,"featured_media":0,"parent":0,"menu_order":26,"comment_status":"closed","ping_status":"closed","template":"","meta":{"footnotes":""},"class_list":["post-327","page","type-page","status-publish","hentry"],"_links":{"self":[{"href":"https:\/\/forseth.se\/index.php?rest_route=\/wp\/v2\/pages\/327","targetHints":{"allow":["GET"]}}],"collection":[{"href":"https:\/\/forseth.se\/index.php?rest_route=\/wp\/v2\/pages"}],"about":[{"href":"https:\/\/forseth.se\/index.php?rest_route=\/wp\/v2\/types\/page"}],"author":[{"embeddable":true,"href":"https:\/\/forseth.se\/index.php?rest_route=\/wp\/v2\/users\/1"}],"replies":[{"embeddable":true,"href":"https:\/\/forseth.se\/index.php?rest_route=%2Fwp%2Fv2%2Fcomments&post=327"}],"version-history":[{"count":2,"href":"https:\/\/forseth.se\/index.php?rest_route=\/wp\/v2\/pages\/327\/revisions"}],"predecessor-version":[{"id":330,"href":"https:\/\/forseth.se\/index.php?rest_route=\/wp\/v2\/pages\/327\/revisions\/330"}],"wp:attachment":[{"href":"https:\/\/forseth.se\/index.php?rest_route=%2Fwp%2Fv2%2Fmedia&parent=327"}],"curies":[{"name":"wp","href":"https:\/\/api.w.org\/{rel}","templated":true}]}}