{"id":448,"date":"2017-04-02T14:28:53","date_gmt":"2017-04-02T12:28:53","guid":{"rendered":"http:\/\/forseth.se\/idet\/?page_id=448"},"modified":"2017-04-02T14:38:51","modified_gmt":"2017-04-02T12:38:51","slug":"en-rolig-figur-mitt-i-allt-elande","status":"publish","type":"page","link":"https:\/\/forseth.se\/?page_id=448","title":{"rendered":"En rolig figur mitt i allt el\u00e4nde"},"content":{"rendered":"<p style=\"text-align: center;\">MIN ONKEL \u2013 gratistidning.com 2015-10-13<\/p>\n<p>&nbsp;<\/p>\n<p><a href=\"https:\/\/forseth.se\/idet\/wp-content\/uploads\/2017\/04\/Min-onkel-3.jpg\"><img loading=\"lazy\" decoding=\"async\" class=\"aligncenter wp-image-455\" src=\"https:\/\/forseth.se\/idet\/wp-content\/uploads\/2017\/04\/Min-onkel-3.jpg\" alt=\"\" width=\"1000\" height=\"500\" srcset=\"https:\/\/forseth.se\/wp-content\/uploads\/2017\/04\/Min-onkel-3.jpg 1500w, https:\/\/forseth.se\/wp-content\/uploads\/2017\/04\/Min-onkel-3-300x150.jpg 300w, https:\/\/forseth.se\/wp-content\/uploads\/2017\/04\/Min-onkel-3-768x384.jpg 768w, https:\/\/forseth.se\/wp-content\/uploads\/2017\/04\/Min-onkel-3-1024x512.jpg 1024w\" sizes=\"auto, (max-width: 767px) 89vw, (max-width: 1000px) 54vw, (max-width: 1071px) 543px, 580px\" \/><\/a><\/p>\n<style type=\"text\/css\">\n\t<!-- @page { margin: 2cm } P { margin-bottom: 0.21cm } --><br \/>\t<\/style>\n<p>&nbsp;<\/p>\n<p lang=\"sv-SE\" align=\"CENTER\"><span style=\"color: #800000;\"><span style=\"font-family: HelveticaNeue-Bold;\"><span style=\"font-size: 300%;\"><b>En rolig figur<\/b><\/span><\/span><\/span><\/p>\n<p lang=\"sv-SE\" align=\"CENTER\"><span style=\"color: #800000;\"><span style=\"font-family: HelveticaNeue-Bold;\"><span style=\"font-size: 300%;\"><b>mitt i allt el\u00e4nde<\/b><\/span><\/span><\/span><\/p>\n<p lang=\"sv-SE\" align=\"CENTER\"><span style=\"color: #800000;\"><span style=\"font-family: Georgia-BoldItalic,cursive;\"><span style=\"font-size: large;\"><i><b>Det b\u00f6rjar r\u00f6ra p\u00e5 sig i Kirunas kulturliv, n\u00e4r det bjuds en marsian, en mafioso, en mor och s\u00e5 monsieur Hulot under en och samma vecka.<\/b><\/i><\/span><\/span><\/span><\/p>\n<p lang=\"sv-SE\" align=\"LEFT\"><span style=\"color: #800000;\"><span style=\"font-family: Georgia,serif;\"><span style=\"font-size: large;\">Om en m\u00e5nad \u00e4r det filmfestival, men redan \u00e4r det livligt p\u00e5 bio. Fram tills nu har Kiruna filmstudio och Arctic light filmfestival st\u00e5tt f\u00f6r det breda filmutbudet i Kiruna, det kommersiella har varit mindre. Men nu b\u00f6rjar Folkets hus snart s\u00e5 sm\u00e5tt anv\u00e4nda biografen Prisma parallellt med N\u00e5jdens sal.<\/span><\/span><\/span><\/p>\n<p lang=\"sv-SE\" align=\"LEFT\"><span style=\"color: #800000;\"><span style=\"font-family: Georgia,serif;\"><span style=\"font-size: large;\">I m\u00e5ndags kv\u00e4ll gick Marsianen p\u00e5 Folkets hus, allts\u00e5 <span style=\"font-family: Georgia-Italic,cursive;\"><i>The martian.<\/i><\/span> Gr\u00f6na gubbar fr\u00e5n Mars har man ju h\u00f6rt talas om och den h\u00e4r filmen handlade om en akterseglad rymdfarare, som verkligen hade gr\u00f6na fingrar. N\u00e5gon <span style=\"font-family: Georgia-Italic,cursive;\"><i>Blixt Gordon<\/i><\/span> hade inte klarat av att idag bli kvar p\u00e5 Mars, n\u00e4r alla andra \u00e5kt hem; man m\u00e5ste kunna fysik, kemi och botanik f\u00f6r att ha en chans. <span style=\"font-family: Georgia-Italic,cursive;\"><i>Christer Fuglesang<\/i><\/span> togs inte ut till kosmonauttr\u00e4ning f\u00f6r sina bl\u00e5 \u00f6gons skull, han var redan docent i partikelfysik.<\/span><\/span><\/span><\/p>\n<p lang=\"sv-SE\" align=\"LEFT\"><span style=\"color: #800000;\"><span style=\"font-family: Georgia,serif;\"><span style=\"font-size: large;\">F\u00f6r ett \u00e5r sedan s\u00e5g vi <span style=\"font-family: Georgia-Italic,cursive;\"><i>Interstellar<\/i><\/span> p\u00e5 samma st\u00e4lle och \u00e4nnu ett \u00e5r dessf\u00f6rinnan <span style=\"font-family: Georgia-Italic,cursive;\"><i>Gravity.<\/i><\/span> Det har uppenbarligen blivit inne att g\u00f6ra seri\u00f6sa rymdfilmer, allts\u00e5 vetenskapligt h\u00e5llbara.<\/span><\/span><\/span><\/p>\n<p lang=\"sv-SE\" align=\"LEFT\"><span style=\"color: #800000;\"><span style=\"font-family: Georgia,serif;\"><span style=\"font-size: large;\">Men ovetenskapliga \u00e4r ocks\u00e5 kul att se. Kan man gilla <span style=\"font-family: Georgia-Italic,cursive;\"><i>Sagan om ringen<\/i><\/span> kan man gott gilla <span style=\"font-family: Georgia-Italic,cursive;\"><i>Stj\u00e4rnornas krig<\/i><\/span> ocks\u00e5. Ett nytt avsnitt av den senare \u00e4r p\u00e5 v\u00e4g (fast jag har sv\u00e5rt f\u00f6r att det l\u00e5ter av motorljud och explosioner i tomma rymden).<\/span><\/span><\/span><\/p>\n<p lang=\"sv-SE\" align=\"LEFT\"><span style=\"color: #800000;\"><span style=\"font-family: Georgia,serif;\"><span style=\"font-size: large;\">P\u00e5 fredag har <span style=\"font-family: Georgia-Italic,cursive;\"><i>Black mass<\/i><\/span> premi\u00e4r, en ot\u00e4ck sak om maffia i USA. P\u00e5 teve g\u00e5r <span style=\"font-family: Georgia-Italic,cursive;\"><i>Gomorra<\/i><\/span> som serie, den hade filmstudion som l\u00e5ngfilm f\u00f6r n\u00e5gra \u00e5r sedan. D\u00e4r utspelar sig den hejdl\u00f6sa brottsligheten i Italien. Maffiafilmer tycker en del \u00e4r d\u00f6dsh\u00e4ftiga, s\u00e4rskilt n\u00e5gra bland den manliga publiken. En allvarlig framst\u00e4llning av m\u00f6rdarg\u00e4ngen i stil med den som g\u00f6rs i den fantastiska italienska teveserien <span style=\"font-family: Georgia-Italic,cursive;\"><i>Bl\u00e4ckfisken<\/i><\/span> \u00e4r mitt i allt el\u00e4nde uppbygglig. R\u00e4ttssamh\u00e4llet h\u00e5ller ju \u00e4nd\u00e5 massm\u00f6rdarna p\u00e5 n\u00e5got vis st\u00e5ngen med sina d\u00f6dsf\u00f6raktande domare och poliser. Men att en del i publiken sitter och br\u00f6lar av f\u00f6rtjusning n\u00e4r hj\u00e4rnd\u00f6da v\u00e5ldsverkare hugger knivstick efter knivstick i en person som redan bundits och lastats in i bakluckan p\u00e5 en bil, bara f\u00f6r att han st\u00f6nat s\u00e5 att bilens passagerare blivit irriterade (filmen hette <span style=\"font-family: Georgia-Italic,cursive;\"><i>Maffiabr\u00f6der<\/i><\/span> 1990) \u2013 den reaktionen fattar inte jag, och m\u00e4nniskor som reagerar s\u00e5 blir jag ytterst misst\u00e4nksam emot.<\/span><\/span><\/span><\/p>\n<p lang=\"sv-SE\" align=\"LEFT\"><span style=\"color: #800000;\"><span style=\"font-family: Georgia,serif;\"><span style=\"font-size: large;\">D\u00e5 \u00e4r det n\u00e5got lugnare med musik p\u00e5 l\u00f6rdag kv\u00e4ll, antingen <span style=\"font-family: Georgia-Italic,cursive;\"><i>Straight outta Compton<\/i><\/span> i Prisma eller <span style=\"font-family: Georgia-Italic,cursive;\"><i>Otello<\/i><\/span> i N\u00e5jdens sal. Den senare \u00e4r en opera av <span style=\"font-family: Georgia-Italic,cursive;\"><i>Verdi<\/i><\/span> efter en pj\u00e4s av <span style=\"font-family: Georgia-Italic,cursive;\"><i>Shakespeare <\/i><\/span>sjungen direkt fr\u00e5n New York. Det \u00e4r kul, bara det. Dramatik blir det d\u00e5 med, f\u00f6r Otello \u00e4r amiral och mor med k\u00e4rlekstrubbel. Och jo \u2013 han \u00e4r mor. F\u00f6rklara det, den som kan. B\u00e4st \u00e4r v\u00e4l att se operan sj\u00e4lv.<\/span><\/span><\/span><\/p>\n<p lang=\"sv-SE\" align=\"LEFT\"><span style=\"color: #800000;\"><span style=\"font-family: Georgia,serif;\"><span style=\"font-size: large;\">Och mitt i denna filmintensiva vecka ser vi den sn\u00e4lle men ack s\u00e5 klumpige monsieur Hulot igen. P\u00e5 torsdag driver komikern <span style=\"font-family: Georgia-Italic,cursive;\"><i>Jacques Tati<\/i><\/span> med nittonhundrafemtiotalets moderna medelklass i <span style=\"font-family: Georgia-Italic,cursive;\"><i>Min onkel<\/i><\/span> fr\u00e5n 1958. Jag har tidigare beskrivit rollfiguren monsieur Hulot som \u201den elefant i en porslinsbutik\u201d. Egentligen s\u00e4ger man v\u00e4l \u201dtjur\u201d. Man beh\u00f6ver ju ingen snabel f\u00f6r att pr\u00f6va att studsa moderna plastf\u00f6rem\u00e5l och sedan ett vanligt dricksglas f\u00f6r att uppt\u00e4cka, att dricksglas inte alls studsar mot stengolv.<\/span><\/span><\/span><\/p>\n<p lang=\"sv-SE\" align=\"LEFT\"><span style=\"color: #800000;\"><span style=\"font-family: Georgia,serif;\"><span style=\"font-size: large;\">Nu \u00e4r ju humor n\u00e5got som uppfattas olika bland oss m\u00e4nniskor. Jag k\u00e4nde en g\u00e5ng en kille som inte s\u00e5g n\u00e5got som helst komiskt i <span style=\"font-family: Georgia-Italic,cursive;\"><i>Hasse och Tages<\/i><\/span> filmer och sketcher, fast han var fr\u00e5n landet som gjorde filmer om <span style=\"font-family: Georgia-Italic,cursive;\"><i>herr Puurop\u00e4\u00e4.<\/i><\/span> F\u00f6r min del var det tv\u00e4rtom: buskishumorn i filmerna om trasprolet\u00e4ren Puurop\u00e4\u00e4 som \u00e4r gift med bergsr\u00e5dets sk\u00f6na m\u00e4h\u00e4 till dotter, vilken glatt passar upp sin vederv\u00e4rdige gem\u00e5l med kaffe och bulla p\u00e5 soffbordet mellan hans smutsiga f\u00f6tter, spretande ur trasiga strumpor, medan han i s\u00f6ndermaskad brynja petar n\u00e4san, fiser och rapar genom oborstade t\u00e4nder (hela karln \u00e4r oborstad) \u2013 nej, den humorn faller inte mig i smaken. Den sortens humor stod dessv\u00e4rre den ene av de tv\u00e5 huvudpersonerna i f\u00f6rra veckans film f\u00f6r, och d\u00e5 menar jag inte rollfiguren Kim Jong Un.<\/span><\/span><\/span><\/p>\n<p lang=\"sv-SE\" align=\"LEFT\"><span style=\"color: #800000;\"><span style=\"font-family: Georgia,serif;\"><span style=\"font-size: large;\"><span lang=\"sv-SE\">I den j\u00e4mf\u00f6relsen blir monsieur Hulot en lisa f\u00f6r sj\u00e4len. I Min onkel \u00e4r det l\u00e5ngt ifr\u00e5n n\u00e5got h\u00f6gt tempo, och all publik uppskattar inte att det saknas en massa <\/span><span style=\"font-family: Georgia-Italic,cursive;\"><span lang=\"sv-SE\"><i>brak! \u2013 bom! \u2013 krasch!<\/i><\/span><\/span><span lang=\"sv-SE\"> Men monsieur Hulot bjuder i alla fall p\u00e5 ett kraschat glas p\u00e5 torsdag p\u00e5 folkh\u00f6gskolan. Alltid n\u00e5got!<\/span><\/span><\/span><\/span><\/p>\n<p align=\"RIGHT\"><span style=\"color: #800000;\"><em><span style=\"font-family: Arial Italic,sans-serif;\">En id\u00e9 i idet av Bj\u00f6rn Forseth<\/span><\/em><\/span><\/p>\n<p style=\"text-align: center;\" align=\"RIGHT\"><a href=\"..\/idet\">\u00c5ter<\/a><\/p>\n","protected":false},"excerpt":{"rendered":"<p>MIN ONKEL \u2013 gratistidning.com 2015-10-13 &nbsp; &nbsp; En rolig figur mitt i allt el\u00e4nde Det b\u00f6rjar r\u00f6ra p\u00e5 sig i Kirunas kulturliv, n\u00e4r det bjuds en marsian, en mafioso, en mor och s\u00e5 monsieur Hulot under en och samma vecka. Om en m\u00e5nad \u00e4r det filmfestival, men redan \u00e4r det livligt p\u00e5 bio. Fram tills &hellip; <\/p>\n<p class=\"link-more\"><a href=\"https:\/\/forseth.se\/?page_id=448\" class=\"more-link\">Forts\u00e4tt l\u00e4sa<span class=\"screen-reader-text\"> \u201dEn rolig figur mitt i allt el\u00e4nde\u201d<\/span><\/a><\/p>\n","protected":false},"author":1,"featured_media":0,"parent":0,"menu_order":40,"comment_status":"closed","ping_status":"closed","template":"","meta":{"footnotes":""},"class_list":["post-448","page","type-page","status-publish","hentry"],"_links":{"self":[{"href":"https:\/\/forseth.se\/index.php?rest_route=\/wp\/v2\/pages\/448","targetHints":{"allow":["GET"]}}],"collection":[{"href":"https:\/\/forseth.se\/index.php?rest_route=\/wp\/v2\/pages"}],"about":[{"href":"https:\/\/forseth.se\/index.php?rest_route=\/wp\/v2\/types\/page"}],"author":[{"embeddable":true,"href":"https:\/\/forseth.se\/index.php?rest_route=\/wp\/v2\/users\/1"}],"replies":[{"embeddable":true,"href":"https:\/\/forseth.se\/index.php?rest_route=%2Fwp%2Fv2%2Fcomments&post=448"}],"version-history":[{"count":5,"href":"https:\/\/forseth.se\/index.php?rest_route=\/wp\/v2\/pages\/448\/revisions"}],"predecessor-version":[{"id":457,"href":"https:\/\/forseth.se\/index.php?rest_route=\/wp\/v2\/pages\/448\/revisions\/457"}],"wp:attachment":[{"href":"https:\/\/forseth.se\/index.php?rest_route=%2Fwp%2Fv2%2Fmedia&parent=448"}],"curies":[{"name":"wp","href":"https:\/\/api.w.org\/{rel}","templated":true}]}}