{"id":491,"date":"2017-04-04T20:16:18","date_gmt":"2017-04-04T18:16:18","guid":{"rendered":"http:\/\/forseth.se\/idet\/?page_id=491"},"modified":"2017-04-04T20:16:31","modified_gmt":"2017-04-04T18:16:31","slug":"sagor-for-vuxna","status":"publish","type":"page","link":"https:\/\/forseth.se\/?page_id=491","title":{"rendered":"Sagor f\u00f6r vuxna"},"content":{"rendered":"<p style=\"text-align: center;\">SAGAN OM PRINSESSAN KAGUYA \u2013 gratistidning.com 2015-12-14<\/p>\n<p style=\"text-align: center;\"><span style=\"color: #800000;\"><a href=\"https:\/\/forseth.se\/idet\/wp-content\/uploads\/2017\/04\/Sagan-om-prinsessan-Kaguya-2.png\"><img loading=\"lazy\" decoding=\"async\" class=\"aligncenter wp-image-492\" src=\"https:\/\/forseth.se\/idet\/wp-content\/uploads\/2017\/04\/Sagan-om-prinsessan-Kaguya-2.png\" alt=\"\" width=\"1000\" height=\"697\" srcset=\"https:\/\/forseth.se\/wp-content\/uploads\/2017\/04\/Sagan-om-prinsessan-Kaguya-2.png 980w, https:\/\/forseth.se\/wp-content\/uploads\/2017\/04\/Sagan-om-prinsessan-Kaguya-2-300x209.png 300w, https:\/\/forseth.se\/wp-content\/uploads\/2017\/04\/Sagan-om-prinsessan-Kaguya-2-768x535.png 768w\" sizes=\"auto, (max-width: 767px) 89vw, (max-width: 1000px) 54vw, (max-width: 1071px) 543px, 580px\" \/><\/a><\/span><\/p>\n<style type=\"text\/css\">\n\t<!-- @page { margin: 2cm } P { margin-bottom: 0.21cm } --><br \/>\n\t<\/style>\n<p>&nbsp;<\/p>\n<p lang=\"sv-SE\" align=\"CENTER\"><span style=\"color: #800000;\"><span style=\"font-family: HelveticaNeue-Bold;\"><span style=\"font-size: 300%;\"><b>Sagor f\u00f6r vuxna<\/b><\/span><\/span><\/span><\/p>\n<p lang=\"sv-SE\" align=\"CENTER\"><span style=\"color: #800000;\"><span style=\"font-family: Georgia-BoldItalic,cursive;\"><span style=\"font-size: large;\"><i><b>Kalle Anka i konflikt med samer i Kallak?<\/b><\/i><\/span><\/span><\/span><\/p>\n<p lang=\"sv-SE\" align=\"LEFT\"><span style=\"color: #800000;\"><span style=\"font-family: Georgia,serif;\"><span style=\"font-size: large;\">Jod\u00e5, i veckans nummer av <span style=\"font-family: Georgia-Italic,cursive;\"><i>Kalle Anka &amp; c:o<\/i><\/span> jobbar ankan f\u00f6r det fala gruvbolaget, som h\u00e4ndelsevis \u00e4gs av hans <span style=\"font-family: Georgia-Italic,cursive;\"><i>farbror Joakim<\/i><\/span> (men \u201dbrottsplatsen\u201d heter Evigsol\u2026). Man kan gott s\u00e4ga, att figuren <span style=\"font-family: Georgia-Italic,cursive;\"><i>Kalle Anka<\/i><\/span> har utvecklats, sedan den f\u00f6rst d\u00f6k upp i en biroll i kortfilmen <span style=\"font-family: Georgia-Italic,cursive;\"><i>Den kloka lilla h\u00f6nan<\/i><\/span> 1934.<\/span><\/span><\/span><\/p>\n<p lang=\"sv-SE\" align=\"LEFT\"><span style=\"color: #800000;\"><span style=\"font-family: Georgia,serif;\"><span style=\"font-size: large;\">Animation \u00e4r den ursprungligaste filmtekniken. Vem som helst kan g\u00f6ra en animation i en vanlig bok genom att teckna aningen olika bilder i marginalen av boksidorna och sedan bl\u00e4ddra med tummen. G\u00f6r sedan p\u00e5 samma s\u00e4tt med tuschpenna p\u00e5 en framkallad, helt blank, filmremsa och k\u00f6r den f\u00e4rdiga remsan genom en biografprojektor. S\u00e5 gjorde nyzeel\u00e4ndaren <span style=\"font-family: Georgia-Italic,cursive;\"><i>Len Lye<\/i><\/span> (1901\u20131980) och kanadaskotten <span style=\"font-family: Georgia-Italic,cursive;\"><i>Norman MacLaren<\/i><\/span> (1914\u20131987). Man f\u00e5r ha stadig hand och god syn och mest av allt: t\u00e5lamod.<\/span><\/span><\/span><\/p>\n<p lang=\"sv-SE\" align=\"LEFT\"><span style=\"color: #800000;\"><span style=\"font-family: Georgia,serif;\"><span style=\"font-size: large;\">Vilket g\u00e4ller f\u00f6r andra sorters animation ocks\u00e5. Ritar man (som undertecknad gjorde vid tretton \u00e5rs \u00e5lder) sina teckningar p\u00e5 vanliga A4-ark i st\u00e4llet f\u00f6r i bokmarginalen och sedan fotograferar av bild f\u00f6r bild med en 8 mm-kamera p\u00e5 stativ, s\u00e5 f\u00e5r man en riktig tecknad film. Mitt t\u00e5lamod r\u00e4ckte till en enminuterssnutt, fast jag k\u00f6pt en fyraminuters rulle.<\/span><\/span><\/span><\/p>\n<p lang=\"sv-SE\" align=\"LEFT\"><span style=\"color: #800000;\"><span style=\"font-family: Georgia,serif;\"><span style=\"font-size: large;\">N\u00e4r man i st\u00e4llet f\u00f6r att rita fotograferar f\u00f6rem\u00e5l som flyttas n\u00e5gon millimeter bild f\u00f6r bild, s\u00e5 f\u00e5r man vad vi d\u00e5 kallade \u201dtrickfilm\u201d. En variant p\u00e5 det \u00e4r att g\u00f6ra figurer i lera och modellera om dem bild f\u00f6r bild. S\u00e5 g\u00f6r engelske <span style=\"font-family: Georgia-Italic,cursive;\"><i>Nick Park<\/i><\/span> (eller snarare hela hans studio), som Kiruna filmstudios medlemmar k\u00e4nner till fr\u00e5n kortfilmerna om <span style=\"font-family: Georgia-Italic,cursive;\"><i>f\u00e5ret Shaun<\/i><\/span> (och inte minst <span style=\"font-family: Georgia-Italic,cursive;\"><i>Wallace &amp; Gromit).<\/i><\/span> Fortfarande kr\u00e4vs o\u00e4ndligt med t\u00e5lamod (eller m\u00e4ngder av projektanst\u00e4llda). Datoranimation \u00e4r det senaste; det tycker en del regiss\u00f6rer \u00e4r fusk, eftersom en elektronhj\u00e4rna utf\u00f6r stora delar av de r\u00f6relsef\u00f6r\u00e4ndringar som g\u00f6r filmen \u201dlevande\u201d (animerad).<\/span><\/span><\/span><\/p>\n<p lang=\"sv-SE\" align=\"LEFT\"><span style=\"color: #800000;\"><span style=\"font-family: Georgia,serif;\"><span style=\"font-size: large;\">En del japaner h\u00e5ller sig flitigt till den klassiska tekniken med tecknad film. En av dem heter <span style=\"font-family: Georgia-Italic,cursive;\"><i>Isao Takahata.<\/i><\/span> Hans filmer \u00e4r mest f\u00f6r vuxna. Genombrottsfilmen <span style=\"font-family: Georgia-Italic,cursive;\"><i>Eldflugornas grav<\/i><\/span> (1988) \u00e4r ett tragiskt drama om ett par barn som efter att mamman d\u00f6tt i en bombr\u00e4d och pappan \u00e4r ute i kriget f\u00f6rs\u00f6ker \u00f6verleva i en bunker, d\u00e4r endast eldflugorna erbjuder n\u00e5got n\u00f6je. Den har visats i filmstudion och kan visst ses av barn, men f\u00f6r\u00e4ldrarna m\u00e5ste g\u00f6ra sig av med f\u00f6rdomen, att tecknat inneb\u00e4r barnfilm.<\/span><\/span><\/span><\/p>\n<p lang=\"sv-SE\" align=\"LEFT\"><span style=\"color: #800000;\"><span style=\"font-family: Georgia,serif;\"><span style=\"font-size: large;\">Takahatas bolag sl\u00f6t avtal med Disney om distribution i USA, men i likhet med <span style=\"font-family: Georgia-Italic,cursive;\"><i>Astrid Lindgren<\/i><\/span> garderade de sig mot ingrepp i originalet. S\u00e5 n\u00e4r den poetiska filmen <span style=\"font-family: Georgia-Italic,cursive;\"><i>Minnesdroppar<\/i><\/span> (1991) om en ung kvinnas minnen av barndomen skulle tas upp v\u00e4grade Disney distribuera den, eftersom \u201dmenstruation\u201d n\u00e4mndes i filmen.<\/span><\/span><\/span><\/p>\n<p lang=\"sv-SE\" align=\"LEFT\"><span style=\"color: #800000;\"><span style=\"font-family: Georgia,serif;\"><span style=\"font-size: large;\">\u00c5r 1994 gjorde Takahata en fabel i st\u00e4llet f\u00f6r att teckna m\u00e4nniskor: <span style=\"font-family: Georgia-Italic,cursive;\"><i>Pompoko<\/i><\/span> handlar om tv\u00e4ttbj\u00f6rnar som g\u00f6r uppror mot m\u00e4nniskors intr\u00e5ng i sina bos\u00e4ttningsomr\u00e5den. N\u00e5got av veckans Kalle Ankas <span style=\"font-family: Georgia-Italic,cursive;\"><i>Nappatag i norr,<\/i><\/span> kant\u00e4nka.<\/span><\/span><\/span><\/p>\n<p lang=\"sv-SE\" align=\"LEFT\"><span style=\"color: #800000;\"><span style=\"font-family: Georgia,serif;\"><span style=\"font-size: large;\">Nu p\u00e5 torsdag visar filmstudion Takahatas senaste verk: <span style=\"font-family: Georgia-Italic,cursive;\"><i>Sagan om prinsessan Kaguya<\/i><\/span> fr\u00e5n 2013. Den utg\u00e5r fr\u00e5n en japansk folksaga om en skogshuggare, som en dag finner en prinsessa inne i stj\u00e4lken till bambun han ska till att s\u00e4lja. Hon \u00e4r likt en nyf\u00f6dd k\u00e4nguru liten som ett finger men v\u00e4xer till sig under \u00e5ren och b\u00f6rjar dra till sig allt m\u00e4ktigare karlars intresse. Filmen visas p\u00e5 filmstudion nu p\u00e5 torsdag, men notera att \u201dsaga\u201d ocks\u00e5 anv\u00e4nds f\u00f6r isl\u00e4ndska ber\u00e4ttelser och trilogin om ringen.<\/span><\/span><\/span><\/p>\n<p lang=\"sv-SE\" align=\"LEFT\"><span style=\"color: #800000;\"><span style=\"font-family: Georgia,serif;\"><span style=\"font-size: large;\">Filmen var t\u00e4nkt som julfilm, men som l\u00f6k p\u00e5 laxen blir det en extrakv\u00e4ll p\u00e5 filmstudion p\u00e5 m\u00e5ndag. Trots att tisdagen \u00e4r \u00e5rets kortaste dag, har filminstituten i Europa utlyst den 21 december till \u00e5rets kortaste dag, d\u00e5 kortfilmer ska visas. I Kiruna blir det sju svenska dramer under knappa tv\u00e5 timmar. Ingen av filmerna \u00e4r animerad.<\/span><\/span><\/span><\/p>\n<p lang=\"sv-SE\" align=\"LEFT\"><span style=\"color: #800000;\"><span style=\"font-family: Georgia,serif;\"><span style=\"font-size: large;\">Dem kan man g\u00e5 och se f\u00f6r 40 kronor. Om man inte redan \u00e4r med i filmstudion, d\u00e5 kostar det inget (f\u00f6r en hundralapp kan man g\u00e5 med och se b\u00e5de Kaguya och kortfilmerna). En bra julavslutning, kanske?<\/span><\/span><\/span><\/p>\n<p lang=\"sv-SE\" align=\"LEFT\"><span style=\"color: #800000;\"><span style=\"font-family: Georgia,serif;\"><span style=\"font-size: large;\">God jul! avslutar i alla fall jag denna min 51:a kr\u00f6nika med. Nu g\u00e5r<\/span><\/span><\/span><\/p>\n<p lang=\"sv-SE\" align=\"RIGHT\"><span style=\"color: #800000;\"><span style=\"font-family: HelveticaNeue-Italic,cursive;\"><span style=\"font-size: medium;\"><i>Bj\u00f6rn Forseth i ide<\/i><\/span><\/span><\/span><\/p>\n<p style=\"text-align: center;\"><a href=\"..\/idet\">\u00c5ter<\/a><\/p>\n","protected":false},"excerpt":{"rendered":"<p>SAGAN OM PRINSESSAN KAGUYA \u2013 gratistidning.com 2015-12-14 &nbsp; Sagor f\u00f6r vuxna Kalle Anka i konflikt med samer i Kallak? Jod\u00e5, i veckans nummer av Kalle Anka &amp; c:o jobbar ankan f\u00f6r det fala gruvbolaget, som h\u00e4ndelsevis \u00e4gs av hans farbror Joakim (men \u201dbrottsplatsen\u201d heter Evigsol\u2026). Man kan gott s\u00e4ga, att figuren Kalle Anka har utvecklats, &hellip; <\/p>\n<p class=\"link-more\"><a href=\"https:\/\/forseth.se\/?page_id=491\" class=\"more-link\">Forts\u00e4tt l\u00e4sa<span class=\"screen-reader-text\"> \u201dSagor f\u00f6r vuxna\u201d<\/span><\/a><\/p>\n","protected":false},"author":1,"featured_media":0,"parent":0,"menu_order":48,"comment_status":"closed","ping_status":"closed","template":"","meta":{"footnotes":""},"class_list":["post-491","page","type-page","status-publish","hentry"],"_links":{"self":[{"href":"https:\/\/forseth.se\/index.php?rest_route=\/wp\/v2\/pages\/491","targetHints":{"allow":["GET"]}}],"collection":[{"href":"https:\/\/forseth.se\/index.php?rest_route=\/wp\/v2\/pages"}],"about":[{"href":"https:\/\/forseth.se\/index.php?rest_route=\/wp\/v2\/types\/page"}],"author":[{"embeddable":true,"href":"https:\/\/forseth.se\/index.php?rest_route=\/wp\/v2\/users\/1"}],"replies":[{"embeddable":true,"href":"https:\/\/forseth.se\/index.php?rest_route=%2Fwp%2Fv2%2Fcomments&post=491"}],"version-history":[{"count":2,"href":"https:\/\/forseth.se\/index.php?rest_route=\/wp\/v2\/pages\/491\/revisions"}],"predecessor-version":[{"id":494,"href":"https:\/\/forseth.se\/index.php?rest_route=\/wp\/v2\/pages\/491\/revisions\/494"}],"wp:attachment":[{"href":"https:\/\/forseth.se\/index.php?rest_route=%2Fwp%2Fv2%2Fmedia&parent=491"}],"curies":[{"name":"wp","href":"https:\/\/api.w.org\/{rel}","templated":true}]}}