{"id":503,"date":"2017-04-06T10:03:49","date_gmt":"2017-04-06T08:03:49","guid":{"rendered":"http:\/\/forseth.se\/idet\/?page_id=503"},"modified":"2017-04-06T10:07:07","modified_gmt":"2017-04-06T08:07:07","slug":"indianer-och-vita","status":"publish","type":"page","link":"https:\/\/forseth.se\/?page_id=503","title":{"rendered":"Indianer och vita"},"content":{"rendered":"<p style=\"text-align: center;\">APPALOOSA \u2013 gratistidning.com 2016-01-25<\/p>\n<p style=\"text-align: center;\"><a href=\"https:\/\/forseth.se\/idet\/wp-content\/uploads\/2017\/04\/Appaloosa-kopia.jpg\"><img loading=\"lazy\" decoding=\"async\" class=\"aligncenter size-full wp-image-506\" src=\"https:\/\/forseth.se\/idet\/wp-content\/uploads\/2017\/04\/Appaloosa-kopia.jpg\" alt=\"\" width=\"1000\" height=\"595\" srcset=\"https:\/\/forseth.se\/wp-content\/uploads\/2017\/04\/Appaloosa-kopia.jpg 1000w, https:\/\/forseth.se\/wp-content\/uploads\/2017\/04\/Appaloosa-kopia-300x179.jpg 300w, https:\/\/forseth.se\/wp-content\/uploads\/2017\/04\/Appaloosa-kopia-768x457.jpg 768w\" sizes=\"auto, (max-width: 767px) 89vw, (max-width: 1000px) 54vw, (max-width: 1071px) 543px, 580px\" \/><\/a><\/p>\n<p lang=\"sv-SE\" align=\"CENTER\"><span style=\"color: #800000;\"><span style=\"font-family: HelveticaNeue-Bold;\"><span style=\"font-size: 300%;\"><b>Indianer och vita<\/b><\/span><\/span><\/span><\/p>\n<p lang=\"sv-SE\" align=\"CENTER\"><span style=\"color: #800000;\">\u201d<span style=\"font-family: Georgia-BoldItalic,cursive;\"><span style=\"font-size: large;\"><i><b>Du som gillar film M\u00c5STE bara se Andrej Bergmans filmer!\u201d<\/b><\/i><\/span><\/span><\/span><\/p>\n<p lang=\"sv-SE\" align=\"LEFT\"><span style=\"color: #800000;\"><span style=\"font-family: Georgia,serif;\"><span style=\"font-size: large;\">S\u00e5 kunde det l\u00e5ta f\u00f6rr, om man kallades \u201dcineast\u201d, vilket n\u00e4rmast var ett sk\u00e4llsord f\u00f6r dem, som gillade kraschande bilar och kiss- och bajshumor p\u00e5 bio. Ans\u00e5gs man som cineast f\u00f6rv\u00e4ntades man vara \u201dfin i kanten\u201d och f\u00f6redra filmer om m\u00e4nniskor som pillar sig i naveln framf\u00f6r en spegel.<\/span><\/span><\/span><\/p>\n<p lang=\"sv-SE\" align=\"LEFT\"><span style=\"color: #800000;\"><span style=\"font-family: Georgia,serif;\"><span style=\"font-size: large;\">Tja, f\u00f6r undertecknad personligen f\u00e5r g\u00e4rna en l\u00e4cker sk\u00e5despelerska pilla sig i naveln p\u00e5 filmduken. Fast d\u00e5 \u00e4r man en snuskhummer, vilket dock k\u00e4nns l\u00e4ttare att b\u00e4ra \u00e4n att bli kallad cineast. Vad betr\u00e4ffar Kiruna filmstudio gillar dess medlemmar kort och gott att se film, helst film man kommer ih\u00e5g \u00e4ven sedan man kommit ut p\u00e5 gatan efter f\u00f6rest\u00e4llningen.<\/span><\/span><\/span><\/p>\n<p lang=\"sv-SE\" align=\"LEFT\"><span style=\"color: #800000;\"><span style=\"font-family: Georgia,serif;\"><span style=\"font-size: large;\">Vilda v\u00e4stern-filmer d\u00e5, kan det vara n\u00e5got f\u00f6r en film\u00e4lskare? Ja, \u00e4lskar man film kan man tala om vilda v\u00e4stern med samma tonfall som om andra genrer. Men vad \u00e4r vilda v\u00e4stern egentligen?<\/span><\/span><\/span><\/p>\n<p lang=\"sv-SE\" align=\"LEFT\"><span style=\"color: #800000;\"><span style=\"font-family: Georgia,serif;\"><span style=\"font-size: large;\">Den \u00e4ldsta filmen i Internationella filmdatbasen heter <span style=\"font-family: Georgia-Italic,cursive;\"><i>Venuspassage<\/i><\/span> (fast p\u00e5 franska) och \u00e4r fr\u00e5n 1874. Adertonhundrasjuttiofyra! Den \u00e4r v\u00e4l bara n\u00e5gon minut l\u00e5ng, men \u00e4nd\u00e5. Den \u00e4ldsta film som denna databas klassar som \u201dvilda v\u00e4stern\u201d \u00e4r fr\u00e5n 1894. En minut l\u00e5ng. Det r\u00e4cker f\u00f6r att imponera under det \u00e5rhundradet. Filmen heter <span style=\"font-family: Georgia-Italic,cursive;\"><i>Bucking bronco,<\/i><\/span> vilket ungef\u00e4rligen torde betyda\u201dOt\u00e4mjt \u00f6k sparkar bakut\u201d.<\/span><\/span><\/span><\/p>\n<p lang=\"sv-SE\" align=\"LEFT\"><span style=\"color: #800000;\"><span style=\"font-family: Georgia,serif;\"><span style=\"font-size: large;\">Det som i verkligheten brukar betecknas som vilda v\u00e4stern \u00e4r de v\u00e4stliga, glest befolkade och r\u00e4ttsligt otyglade delarna av det som skulle bli eller redan kommit att ing\u00e5 i F\u00f6renta staterna men kanske inte \u00e4nnu helt r\u00f6vats fr\u00e5n urbefolkningen. Tidsperioden \u00e4r ungef\u00e4r d\u00e5 dessa tv\u00e5 n\u00e4mnda filmer gjordes, adertonhundratalets sista \u00e5rtionden. Inte f\u00f6rr\u00e4n 1917 dyker \u00e4nnu en film klassad som \u201dvilda v\u00e4stern\u201d upp i databasen, d\u00e4refter en 1919 och under tjugotalet n\u00e5gra f\u00e5 till. Vad har vid denna tid h\u00e4nt?<\/span><\/span><\/span><\/p>\n<p lang=\"sv-SE\" align=\"LEFT\"><span style=\"color: #800000;\"><span style=\"font-family: Georgia,serif;\"><span style=\"font-size: large;\">Jo, indianerna har f\u00f6rlorat landet och storgods\u00e4garna inom boskapsbranschen lagt under sig det, kof\u00f6sare b\u00f6rjat bli \u00f6verfl\u00f6diga och tvingats f\u00f6rs\u00f6rja sig som soldater i krig och efter muck s\u00f6kt statistroller i Hollywood s\u00e5som \u2013 kof\u00f6sare. Det hade \u00e4ven indianer b\u00f6rjat g\u00f6ra (spela indianer p\u00e5 film), n\u00e4r de inte l\u00e4ngre kunnat leva som sig sj\u00e4lva i sitt gamla liv. D\u00e4r lades en materiell grund f\u00f6r att g\u00f6ra filmer om en epok, som nu n\u00e4r landet \u201dciviliserats\u201d b\u00f6rjade verka lika sp\u00e4nnande som vikingatiden samtidigt verkade f\u00f6r nordiska mytbildare.<\/span><\/span><\/span><\/p>\n<p lang=\"sv-SE\" align=\"LEFT\"><span style=\"color: #800000;\"><span style=\"font-family: Georgia,serif;\"><span style=\"font-size: large;\">Fr\u00e5n och med trettiotalet l\u00e4rde sig generationer av amerikaniserad filmpublik (som min), att revolverm\u00e4n p\u00e5 saloon helst sitter med ryggen mot en v\u00e4gg av r\u00e4dsla f\u00f6r fiender. Precis samma r\u00e5d gav f\u00f6r tusen \u00e5r sedan det fornnordiska eposet <span style=\"font-family: Georgia-Italic,cursive;\"><i>H\u00e1vam\u00e1l<\/i><\/span> sin tids m\u00e4nniskor:<\/span><\/span><\/span><\/p>\n<p lang=\"sv-SE\" style=\"padding-left: 30px;\" align=\"LEFT\"><span style=\"color: #800000;\"><span style=\"font-family: Georgia,serif;\"><span style=\"font-size: large;\">Tr\u00e4d \u00f6fver ingens <\/span><\/span><\/span><\/p>\n<p lang=\"sv-SE\" style=\"padding-left: 30px;\" align=\"LEFT\"><span style=\"color: #800000;\"><span style=\"font-family: Georgia,serif;\"><span style=\"font-size: large;\">tr\u00f6skel in, <\/span><\/span><\/span><\/p>\n<p lang=\"sv-SE\" style=\"padding-left: 30px;\" align=\"LEFT\"><span style=\"color: #800000;\"><span style=\"font-family: Georgia,serif;\"><span style=\"font-size: large;\">f\u00f6rr\u2019n du sp\u00e4jat och spanat, <\/span><\/span><\/span><\/p>\n<p lang=\"sv-SE\" style=\"padding-left: 30px;\" align=\"LEFT\"><span style=\"color: #800000;\"><span style=\"font-family: Georgia,serif;\"><span style=\"font-size: large;\">f\u00f6rr\u2019n du sp\u00e4jat och sp\u00e5rat; <\/span><\/span><\/span><\/p>\n<p lang=\"sv-SE\" style=\"padding-left: 30px;\" align=\"LEFT\"><span style=\"color: #800000;\"><span style=\"font-family: Georgia,serif;\"><span style=\"font-size: large;\">ty ovisst \u00e4r att veta, <\/span><\/span><\/span><\/p>\n<p lang=\"sv-SE\" style=\"padding-left: 30px;\" align=\"LEFT\"><span style=\"color: #800000;\"><span style=\"font-family: Georgia,serif;\"><span style=\"font-size: large;\">hvar ov\u00e4nner sitta <\/span><\/span><\/span><\/p>\n<p lang=\"sv-SE\" style=\"padding-left: 30px;\" align=\"LEFT\"><span style=\"color: #800000;\"><span style=\"font-family: Georgia,serif;\"><span style=\"font-size: large;\">borta p\u00e5 salens b\u00e4nkar!<\/span><\/span><\/span><\/p>\n<p lang=\"sv-SE\" align=\"LEFT\"><span style=\"color: #800000;\"><span style=\"font-family: Georgia,serif;\"><span style=\"font-size: large;\">Krutr\u00f6ken fr\u00e5n dessa pangpangfilmer l\u00e5g sedan i \u00e5rtionden t\u00e4t i v\u00e4stv\u00e4rldens biografer och skingrades inte av att italienarna p\u00e5 sextio-sjuttiotalen gav sig in i leken och gjorde spaghettiv\u00e4stern. Hollywood tog i st\u00e4llet efter deras stil. Till och med en svensk v\u00e4sternparodi <span style=\"font-family: Georgia-Italic,cursive;\"><i>(Wild west story<\/i><\/span> 1964) hann g\u00f6ras, innan luften gick ur genren. \u201dF\u00e5nigt\u201d, tyckte publiken som ledsnat.<\/span><\/span><\/span><\/p>\n<p lang=\"sv-SE\" align=\"LEFT\"><span style=\"color: #800000;\"><span style=\"font-family: Georgia,serif;\"><span style=\"font-size: large;\">Men nu b\u00f6rjar det knalla p\u00e5 igen. <span style=\"font-family: Georgia-Italic,cursive;\"><i>The salvation<\/i><\/span> var en dansk v\u00e4stern 2014, och den gick hem. Just nu g\u00e5r en purf\u00e4rsk amerikansk p\u00e5 biograferna, <span style=\"font-family: Georgia-Italic,cursive;\"><i>The hateful eight.<\/i><\/span> Filmstudion v\u00e4nder skinnrocken efter vinden och fyller v\u00e5rens patronb\u00e4lte med n\u00e5gra vilda v\u00e4stern-filmer. Denna torsdag med en amerikansk, <span style=\"font-family: Georgia-Italic,cursive;\"><i>Appaloosa<\/i><\/span> fr\u00e5n 2008, gjord av en som varit med ett tag, <span style=\"font-family: Georgia-Italic,cursive;\"><i>Ed Harris,<\/i><\/span> och med n\u00e5gra lika fagra som fatala typer som <span style=\"font-family: Georgia-Italic,cursive;\"><i>Viggo Mortensen<\/i><\/span> och <span style=\"font-family: Georgia-Italic,cursive;\"><i>Ren\u00e9e Zellweger.<\/i><\/span><\/span><\/span><\/span><\/p>\n<p align=\"RIGHT\"><span style=\"color: #800000;\"><em><span style=\"font-family: Arial Italic,sans-serif;\"><span style=\"font-size: large;\"><span lang=\"sv-SE\">En id\u00e9 i idet av Bj\u00f6rn Forseth<\/span><\/span><\/span><\/em><\/span><\/p>\n<p align=\"RIGHT\"><span style=\"color: #800000;\"><em><span style=\"font-family: Arial Italic,sans-serif;\"><span style=\"font-family: HelveticaNeue-Italic,cursive;\"><span style=\"font-size: large;\"><span lang=\"sv-SE\">(med Peter August G\u00f6deckes \u00f6vers\u00e4ttning av H\u00e1vam\u00e1l)<\/span><\/span><\/span><\/span><\/em><\/span><\/p>\n<p style=\"text-align: center;\" align=\"RIGHT\"><a href=\"..\/idet\">\u00c5ter<\/a><\/p>\n","protected":false},"excerpt":{"rendered":"<p>APPALOOSA \u2013 gratistidning.com 2016-01-25 Indianer och vita \u201dDu som gillar film M\u00c5STE bara se Andrej Bergmans filmer!\u201d S\u00e5 kunde det l\u00e5ta f\u00f6rr, om man kallades \u201dcineast\u201d, vilket n\u00e4rmast var ett sk\u00e4llsord f\u00f6r dem, som gillade kraschande bilar och kiss- och bajshumor p\u00e5 bio. Ans\u00e5gs man som cineast f\u00f6rv\u00e4ntades man vara \u201dfin i kanten\u201d och f\u00f6redra &hellip; <\/p>\n<p class=\"link-more\"><a href=\"https:\/\/forseth.se\/?page_id=503\" class=\"more-link\">Forts\u00e4tt l\u00e4sa<span class=\"screen-reader-text\"> \u201dIndianer och vita\u201d<\/span><\/a><\/p>\n","protected":false},"author":1,"featured_media":0,"parent":0,"menu_order":51,"comment_status":"closed","ping_status":"closed","template":"","meta":{"footnotes":""},"class_list":["post-503","page","type-page","status-publish","hentry"],"_links":{"self":[{"href":"https:\/\/forseth.se\/index.php?rest_route=\/wp\/v2\/pages\/503","targetHints":{"allow":["GET"]}}],"collection":[{"href":"https:\/\/forseth.se\/index.php?rest_route=\/wp\/v2\/pages"}],"about":[{"href":"https:\/\/forseth.se\/index.php?rest_route=\/wp\/v2\/types\/page"}],"author":[{"embeddable":true,"href":"https:\/\/forseth.se\/index.php?rest_route=\/wp\/v2\/users\/1"}],"replies":[{"embeddable":true,"href":"https:\/\/forseth.se\/index.php?rest_route=%2Fwp%2Fv2%2Fcomments&post=503"}],"version-history":[{"count":3,"href":"https:\/\/forseth.se\/index.php?rest_route=\/wp\/v2\/pages\/503\/revisions"}],"predecessor-version":[{"id":508,"href":"https:\/\/forseth.se\/index.php?rest_route=\/wp\/v2\/pages\/503\/revisions\/508"}],"wp:attachment":[{"href":"https:\/\/forseth.se\/index.php?rest_route=%2Fwp%2Fv2%2Fmedia&parent=503"}],"curies":[{"name":"wp","href":"https:\/\/api.w.org\/{rel}","templated":true}]}}