{"id":566,"date":"2017-04-06T11:22:33","date_gmt":"2017-04-06T09:22:33","guid":{"rendered":"http:\/\/forseth.se\/idet\/?page_id=566"},"modified":"2017-04-06T11:24:29","modified_gmt":"2017-04-06T09:24:29","slug":"bland-fan-och-far","status":"publish","type":"page","link":"https:\/\/forseth.se\/?page_id=566","title":{"rendered":"Bland f\u00e5n och f\u00e5r"},"content":{"rendered":"<p style=\"text-align: center;\"><span style=\"color: #800000;\">F\u00c5RET SHAUN \u2013 FILMEN \u2013 gratistidning.com 2016-05-02<\/span><\/p>\n<p style=\"text-align: center;\">\n<p style=\"text-align: center;\">\n<style type=\"text\/css\">\n\t<!-- @page { margin: 2cm } P { margin-bottom: 0.21cm } --><br \/>\n\t<\/style>\n<\/p>\n<p><a href=\"https:\/\/forseth.se\/idet\/wp-content\/uploads\/2017\/04\/Faaret-Shaun.jpg\"><img loading=\"lazy\" decoding=\"async\" class=\"aligncenter wp-image-567\" src=\"https:\/\/forseth.se\/idet\/wp-content\/uploads\/2017\/04\/Faaret-Shaun.jpg\" alt=\"\" width=\"999\" height=\"563\" srcset=\"https:\/\/forseth.se\/wp-content\/uploads\/2017\/04\/Faaret-Shaun.jpg 474w, https:\/\/forseth.se\/wp-content\/uploads\/2017\/04\/Faaret-Shaun-300x169.jpg 300w\" sizes=\"auto, (max-width: 767px) 89vw, (max-width: 1000px) 54vw, (max-width: 1071px) 543px, 580px\" \/><\/a><\/p>\n<p lang=\"sv-SE\" align=\"CENTER\"><span style=\"color: #800000;\"><span style=\"font-family: Gotham-Bold;\"><span style=\"font-size: 300%;\"><b>Bland f\u00e5n och f\u00e5r<\/b><\/span><\/span><\/span><\/p>\n<p lang=\"sv-SE\" align=\"CENTER\"><span style=\"color: #800000;\"><span style=\"font-family: Gotham-BoldItalic,cursive;\"><span style=\"font-size: large;\"><i><b>F\u00f6r n\u00e5gra veckor sedan hette en kr\u00f6nika \u201dF\u00e5nen Shaun\u201d. Denna vecka handlar det om F\u00c5RET Shaun.<\/b><\/i><\/span><\/span><\/span><\/p>\n<p lang=\"sv-SE\" align=\"LEFT\"><span style=\"color: #800000;\"><span style=\"font-family: Georgia,serif;\"><span style=\"font-size: large;\">Men f\u00f6rst n\u00e5got om sm\u00e5kryp. D\u00e5 t\u00e4nker vi p\u00e5 mygg. Om s\u00e5dana sa en v\u00e4sterbottnisk gubbe p\u00e5 en EP-platta hos min morbror:<\/span><\/span><\/span><\/p>\n<p lang=\"sv-SE\" style=\"padding-left: 30px;\" align=\"LEFT\"><span style=\"color: #800000;\"><span style=\"font-family: Georgia,serif;\"><span style=\"font-size: large;\"><span style=\"font-family: Gotham-BoldItalic,cursive;\"><i><b><span lang=\"sv-SE\">D\u00f4m \u00e4r sm\u00e5, men d\u00f4m \u00e4r m\u00e5ng.<\/span><\/b><\/i><\/span><\/span><\/span><\/span><\/p>\n<p lang=\"sv-SE\" align=\"LEFT\"><span style=\"color: #800000;\"><span style=\"font-family: Georgia,serif;\"><span style=\"font-size: large;\">De finns inte bara h\u00e4r utan i hela landet. Jag har irriterats av de l\u00f6mska kreaturens surr i Skan\u00f6r och Falsterbo och ljusa sommarn\u00e4tter i sk\u00e4rg\u00e5rden hems\u00f6kts av dem, n\u00e4r jag suttit post i j\u00e4garbas. Det b\u00e4sta jag h\u00f6rt om mygg \u00e4r en uppsats av en pojke i Kangosfors skola. Uppsatstemat var k\u00e4rlek:<\/span><\/span><\/span><\/p>\n<p lang=\"sv-SE\" style=\"padding-left: 30px;\" align=\"LEFT\"><span style=\"color: #800000;\"><span style=\"font-family: Georgia,serif;\"><span style=\"font-size: large;\"><span style=\"font-family: Gotham-BoldItalic,cursive;\"><i><b>K\u00e4rlek \u00e4r d\u00e5 man tycker om n\u00e5gon. Motsatsen till k\u00e4rlek \u00e4r hat. Sj\u00e4lv hatar jag mygg. Dem kan man inte lita p\u00e5.<\/b><\/i><\/span><\/span><\/span><\/span><\/p>\n<p lang=\"sv-SE\" align=\"LEFT\"><span style=\"color: #800000;\"><span style=\"font-family: Georgia,serif;\"><span style=\"font-size: large;\">P\u00e5 senare \u00e5r har jag i sk\u00e4rg\u00e5rdsmilj\u00f6 hems\u00f6kts av sm\u00e5kryp av \u00e4nnu v\u00e4rre slag: f\u00e4stingar. De har l\u00e4nge varit ok\u00e4nda norr om Sundsvall, liksom andra kvalster (utom de vi har i s\u00e4ngen; d\u00e4r klarar de klimatet). Men de \u00e4r p\u00e5 v\u00e4g mot oss med stormsteg. Klimatet blir ju mildare, och s\u00e5 matar folk lilla s\u00f6ta <span style=\"font-family: Georgia-Italic,cursive;\"><i>bambi<\/i><\/span>. D\u00e4rmed flyttar r\u00e5djuren norrut, och med sig har de f\u00e4stingar.<\/span><\/span><\/span><\/p>\n<p lang=\"sv-SE\" align=\"LEFT\"><span style=\"color: #800000;\"><span style=\"font-family: Georgia,serif;\"><span style=\"font-size: large;\">Det finns insektssk\u00e5dare, som gl\u00e4ds \u00e5t \u00e5synen av varje fanstyg med sex ben. F\u00e4stingar \u00e4r fanstyg. Dem b\u00f6r man inte gl\u00e4djas \u00e5t att se. Ibland \u00e4r de n\u00e4stan osynliga f\u00f6r blotta \u00f6gat, det kanske man skulle gl\u00e4dja sig \u00e5t. Men n\u00e4r de har gr\u00e4vt ned sig en bit i huden sv\u00e4ller de upp med ungar. Inf\u00f6r den \u00e5synen kan man h\u00e5lla sig f\u00f6r skratt. S\u00e5 b\u00f6rjar de klia \u2013 och det \u00e4r tur, f\u00f6r annars hade man l\u00e4tt hamnat p\u00e5 sjukhus och kanske d\u00f6tt i hj\u00e4rnhinneinflammation. Kl\u00e5dan ger en i alla fall en m\u00f6jlighet att karva ut dem ur kroppen i tid.<\/span><\/span><\/span><\/p>\n<p lang=\"sv-SE\" align=\"LEFT\"><span style=\"color: #800000;\"><span style=\"font-family: Georgia,serif;\"><span style=\"font-size: large;\">Men det finns ocks\u00e5 sm\u00e5kryp, som gl\u00e4der de flesta. Nyckelpigor h\u00f6r till dem. De \u00e4r liksom gripbara, och de \u00e4r s\u00f6ta. Tills de ger sig p\u00e5 ens rosenrabatt. En mycket rolig fransk l\u00e5ngfilm fr\u00e5n 2013 med namnet <span style=\"font-family: Georgia-Italic,cursive;\"><i>Sm\u00e5kryp \u2013 l\u00e5ngfilmen<\/i><\/span> (om animerade nyckelpigor och svartmyror i verkligt filmade omgivningar) ville jag f\u00e5 visad h\u00e4r i sta\u2019n, men den ans\u00e5gs f\u00f6r ok\u00e4nd. D\u00e5 hade de vuxna inte fr\u00e5gat barnen.<\/span><\/span><\/span><\/p>\n<p lang=\"sv-SE\" align=\"LEFT\"><span style=\"color: #800000;\"><span style=\"font-family: Georgia,serif;\"><span style=\"font-size: large;\">F\u00f6r\u00e4ldrar vet inte alltid, vad deras barn tittar p\u00e5 p\u00e5 teve. <span style=\"font-family: Georgia-Italic,cursive;\"><i>Sm\u00e5kryp<\/i><\/span> hette en bland barnen popul\u00e4r serie, som l\u00e5ngfilmen byggde vidare p\u00e5. P\u00e5 Barnkanalen har l\u00e4nge g\u00e5tt en annan riktig l\u00e5ngk\u00f6rare med ett f\u00e5r som hj\u00e4lte. Shaun heter han, vilket jag tror \u00e4r ett mansnamn. Verkliga f\u00e5r ser ut som <span style=\"font-family: Georgia-Italic,cursive;\"><i>h\u00e4n<\/i><\/span> allihop, tackor som baggar. I den med lera animerade serien <span style=\"font-family: Georgia-Italic,cursive;\"><i>F\u00e5ret Shaun<\/i><\/span> framg\u00e5r d\u00e4rf\u00f6r inte k\u00f6net s\u00e4rskilt tydligt, men vem bryr sig? F\u00e5ren \u00e4r i alla fall bes\u00e4ttningen p\u00e5 en engelsk lantg\u00e5rd, \u00e4gd av en l\u00e4ngtande ungkarl till bonde med en pliktuppfyllande hund som uppsyningsman. Dessa figurer framtr\u00e4der inte i levande filmad milj\u00f6, nej, allt \u00e4r b\u00e5g. De \u00e4r inte dataanimerade, vilket idag \u00e4r det normala f\u00f6r <span style=\"font-family: Georgia-Italic,cursive;\"><i>animerad film<\/i><\/span> (som vi f\u00f6rr delade upp i <span style=\"font-family: Georgia-Italic,cursive;\"><i>tecknad film<\/i><\/span> och <span style=\"font-family: Georgia-Italic,cursive;\"><i>trickfilm).<\/i><\/span> De \u00e4r modellerade i lera, som man millimeter f\u00f6r millemeter flyttar eller b\u00f6jer och enbildstagning f\u00f6r enbildstagning fotograferar.<\/span><\/span><\/span><\/p>\n<p lang=\"sv-SE\" align=\"LEFT\"><span style=\"color: #800000;\"><span style=\"font-family: Georgia,serif;\"><span style=\"font-size: large;\">Upphovsm\u00e4nnen \u00e4r animationsstudion <span style=\"font-family: Georgia-Italic,cursive;\"><i>Aardman<\/i><\/span> i England med regiss\u00f6ren <span style=\"font-family: Georgia-Italic,cursive;\"><i>Nick Park<\/i><\/span> i spetsen. De b\u00f6rjade med att i lera illustrera intervjuer de gjort med folk ute p\u00e5 sta\u2019n. Ljudet l\u00e4t de komma ur munnen p\u00e5 djur p\u00e5 en djurpark, varvid till exempel en panter i en totalt steril betongbur satt p\u00e5 en stock och p\u00e5 cockneydialekt resonerade om f\u00f6r- och nackdelar med att bo d\u00e4r:<\/span><\/span><\/span><\/p>\n<p lang=\"sv-SE\" style=\"padding-left: 30px;\" align=\"LEFT\"><span style=\"color: #800000;\"><span style=\"font-family: Georgia,serif;\"><span style=\"font-size: large;\"><span style=\"font-family: Gotham-BoldItalic,cursive;\"><i><b>Man har ju vatten och avlopp och mat serveras p\u00e5 best\u00e4mda tider. Man har ljus som sl\u00e5s p\u00e5 och av samt sista skriket i teknik. Men utrymmet, allts\u00e5. Jag skulle faktiskt kunna t\u00e4nka mig att flytta ut i djungeln.<\/b><\/i><\/span><\/span><\/span><\/span><\/p>\n<p lang=\"sv-SE\" align=\"LEFT\"><span style=\"color: #800000;\"><span style=\"font-family: Georgia,serif;\"><span style=\"font-size: large;\">F\u00f6r vuxen svensk publik \u00e4r hans filmer om <span style=\"font-family: Georgia-Italic,cursive;\"><i>Wallace och Gromit<\/i><\/span> k\u00e4nda (i Danmark heter de \u201dWalter og Trofast\u201d, vilket b\u00e4ttre \u00e5terger f\u00f6rh\u00e5llandet mellan husse och hund). \u00c5terigen i lera, nu en talande ungkarl med uppfinnarambitioner och hans jycke, som inte talar men sitter i en l\u00e4nstol och dricker te med husse l\u00e4sandes en god bok.<\/span><\/span><\/span><\/p>\n<p lang=\"sv-SE\" align=\"LEFT\"><span style=\"color: #800000;\"><span style=\"font-family: Georgia,serif;\"><span style=\"font-size: large;\">I F\u00e5ret Shaun talar m\u00e4nniskorna rotv\u00e4lska, som l\u00e5ter som engelska men varken beh\u00f6ver dubbas eller textas. Bilderna talar f\u00f6r sig sj\u00e4lva, ocks\u00e5 n\u00e4r djuren talar, f\u00f6r de morrar, grymtar och br\u00e4ker alltefter sin art. Och \u00e4nd\u00e5 \u00e4r det de hittar p\u00e5 att tala om s\u00e5 p\u00e5hittigt, att den ouppm\u00e4rksamme skulle beh\u00f6vt text-TV f\u00f6r att h\u00e4nga med. F\u00e5ret Shaun &amp; c:o r\u00e5kar i lika sv\u00e5ra klammerier som Wallace och Gromit men \u00e4r \u00e4nd\u00e5 bara k\u00e4nda av barn. Samt Kiruna filmstudios medlemmar. Ty filmstudion har l\u00e4nge visat avsnitt av F\u00e5ret Shaun som f\u00f6rspel.<\/span><\/span><\/span><\/p>\n<p lang=\"sv-SE\" align=\"LEFT\"><span style=\"color: #800000;\"><span style=\"font-family: Georgia,serif;\"><span style=\"font-size: large;\">P\u00e5 Kristi himmelsf\u00e4rds dag visas d\u00e4rf\u00f6r p\u00e5 Folkets hus l\u00e5ngfilmen <span style=\"font-family: Georgia-Italic,cursive;\"><i>F\u00e5ret Shaun \u2013 filmen<\/i><\/span> (2015), varvid alla vuxna som \u00e4nnu inte stiftat bekantskap med figurerna nu kan f\u00e5 sig ett gott skratt. G\u00e4rna tillsammans med barn, f\u00f6r den f\u00f6rest\u00e4llningen g\u00e5r en timme tidigare \u00e4n vanligt och till halva priset f\u00f6r just barn som en gest fr\u00e5n filmstudion.<\/span><\/span><\/span><\/p>\n<p lang=\"sv-SE\" align=\"LEFT\">\n<p lang=\"sv-SE\" style=\"text-align: center;\" align=\"LEFT\"><a href=\"https:\/\/forseth.se\/idet\/wp-content\/uploads\/2017\/04\/Faaret-Shaun-i-Skaane.jpg\"><img loading=\"lazy\" decoding=\"async\" class=\"aligncenter size-full wp-image-569\" src=\"https:\/\/forseth.se\/idet\/wp-content\/uploads\/2017\/04\/Faaret-Shaun-i-Skaane.jpg\" alt=\"\" width=\"650\" height=\"366\" srcset=\"https:\/\/forseth.se\/wp-content\/uploads\/2017\/04\/Faaret-Shaun-i-Skaane.jpg 650w, https:\/\/forseth.se\/wp-content\/uploads\/2017\/04\/Faaret-Shaun-i-Skaane-300x169.jpg 300w\" sizes=\"auto, (max-width: 650px) 100vw, 650px\" \/><\/a><\/p>\n<p lang=\"sv-SE\" align=\"LEFT\">\n<p align=\"RIGHT\"><span style=\"color: #800000;\"><em><span style=\"font-family: Arial Italic,sans-serif;\"><span style=\"font-size: large;\"><span lang=\"sv-SE\">En id\u00e9 i idet av Bj\u00f6rn Forseth<\/span><\/span><\/span><\/em><\/span><\/p>\n<p style=\"text-align: center;\" align=\"RIGHT\"><a href=\"..\/idet\">\u00c5ter<\/a><\/p>\n","protected":false},"excerpt":{"rendered":"<p>F\u00c5RET SHAUN \u2013 FILMEN \u2013 gratistidning.com 2016-05-02 Bland f\u00e5n och f\u00e5r F\u00f6r n\u00e5gra veckor sedan hette en kr\u00f6nika \u201dF\u00e5nen Shaun\u201d. Denna vecka handlar det om F\u00c5RET Shaun. Men f\u00f6rst n\u00e5got om sm\u00e5kryp. D\u00e5 t\u00e4nker vi p\u00e5 mygg. Om s\u00e5dana sa en v\u00e4sterbottnisk gubbe p\u00e5 en EP-platta hos min morbror: D\u00f4m \u00e4r sm\u00e5, men d\u00f4m \u00e4r &hellip; <\/p>\n<p class=\"link-more\"><a href=\"https:\/\/forseth.se\/?page_id=566\" class=\"more-link\">Forts\u00e4tt l\u00e4sa<span class=\"screen-reader-text\"> \u201dBland f\u00e5n och f\u00e5r\u201d<\/span><\/a><\/p>\n","protected":false},"author":1,"featured_media":0,"parent":0,"menu_order":65,"comment_status":"closed","ping_status":"closed","template":"","meta":{"footnotes":""},"class_list":["post-566","page","type-page","status-publish","hentry"],"_links":{"self":[{"href":"https:\/\/forseth.se\/index.php?rest_route=\/wp\/v2\/pages\/566","targetHints":{"allow":["GET"]}}],"collection":[{"href":"https:\/\/forseth.se\/index.php?rest_route=\/wp\/v2\/pages"}],"about":[{"href":"https:\/\/forseth.se\/index.php?rest_route=\/wp\/v2\/types\/page"}],"author":[{"embeddable":true,"href":"https:\/\/forseth.se\/index.php?rest_route=\/wp\/v2\/users\/1"}],"replies":[{"embeddable":true,"href":"https:\/\/forseth.se\/index.php?rest_route=%2Fwp%2Fv2%2Fcomments&post=566"}],"version-history":[{"count":2,"href":"https:\/\/forseth.se\/index.php?rest_route=\/wp\/v2\/pages\/566\/revisions"}],"predecessor-version":[{"id":570,"href":"https:\/\/forseth.se\/index.php?rest_route=\/wp\/v2\/pages\/566\/revisions\/570"}],"wp:attachment":[{"href":"https:\/\/forseth.se\/index.php?rest_route=%2Fwp%2Fv2%2Fmedia&parent=566"}],"curies":[{"name":"wp","href":"https:\/\/api.w.org\/{rel}","templated":true}]}}