{"id":672,"date":"2017-05-02T16:54:06","date_gmt":"2017-05-02T14:54:06","guid":{"rendered":"https:\/\/forseth.se\/idet\/?page_id=672"},"modified":"2017-05-02T16:54:06","modified_gmt":"2017-05-02T14:54:06","slug":"alla-presidenternas-man","status":"publish","type":"page","link":"https:\/\/forseth.se\/?page_id=672","title":{"rendered":"Alla presidenternas m\u00e4n"},"content":{"rendered":"<p style=\"text-align: center;\"><span style=\"color: #800000;\">Festivalpaus \u2013 gratistidning.com 2016-11-14<\/span><\/p>\n<p style=\"text-align: center;\">\n<p style=\"text-align: center;\"><span style=\"color: #800000;\"><a style=\"color: #800000;\" href=\"https:\/\/forseth.se\/idet\/wp-content\/uploads\/2017\/05\/Alla-presidenternas-men.jpeg\"><img loading=\"lazy\" decoding=\"async\" class=\"aligncenter size-full wp-image-673\" src=\"https:\/\/forseth.se\/idet\/wp-content\/uploads\/2017\/05\/Alla-presidenternas-men.jpeg\" alt=\"\" width=\"1000\" height=\"747\" srcset=\"https:\/\/forseth.se\/wp-content\/uploads\/2017\/05\/Alla-presidenternas-men.jpeg 1000w, https:\/\/forseth.se\/wp-content\/uploads\/2017\/05\/Alla-presidenternas-men-300x224.jpeg 300w, https:\/\/forseth.se\/wp-content\/uploads\/2017\/05\/Alla-presidenternas-men-768x574.jpeg 768w\" sizes=\"auto, (max-width: 767px) 89vw, (max-width: 1000px) 54vw, (max-width: 1071px) 543px, 580px\" \/><\/a><\/span><\/p>\n<p style=\"text-align: center;\"><span style=\"color: #800000;\"><\/p>\n<style type=\"text\/css\">\n\t<!--\n\t\t@page { margin: 2cm }\n\t\tP { margin-bottom: 0.21cm }\n\t-->\n\t<\/style>\n<p><\/span><\/p>\n<p lang=\"sv-SE\" align=\"CENTER\"><span style=\"color: #800000; font-size: 300%;\"><span style=\"font-family: Gotham-Bold;\"><b>Alla presidenternas m\u00e4n<\/b><\/span><\/span><\/p>\n<p lang=\"sv-SE\" align=\"CENTER\"><span style=\"color: #800000; font-size: large;\"><span style=\"font-family: Gotham-BoldItalic,cursive;\"><i><b>Det \u00e4r v\u00e4rst vad det v\u00e4ljs presidenter just nu: I USA, Bulgarien och Moldavien. Och i alla fallen beskriver v\u00e5ra massmedier det som att folket gjort uppr\u00f6rande val.<\/b><\/i><\/span><\/span><\/p>\n<p lang=\"sv-SE\" align=\"LEFT\"><span style=\"color: #800000; font-size: large;\"><span style=\"font-family: Georgia,serif;\">Och tja \u2013 hade <span style=\"font-family: Georgia-Italic,cursive;\"><i>Donald Trump<\/i><\/span> skrivit en kr\u00f6nika om immigranter och muslimer i Annonsbladet skulle den antagligen ha refuserats. Men nu, i efterhand, demonstreras det mot valet av honom.<\/span><\/span><\/p>\n<p lang=\"sv-SE\" style=\"padding-left: 30px;\" align=\"LEFT\"><span style=\"color: #800000;\">\u2013 <span style=\"font-family: Georgia,serif;\"><span style=\"font-size: large;\">Men vaff\u00f6r? Vaff\u00f6r\u2026 vaff\u00f6r g\u00f6\u00f6\u00f6r di p\u00e5 detta viset? s\u00e4ger d\u00e5 Trumpnissarna.<\/span><\/span><\/span><\/p>\n<p lang=\"sv-SE\" align=\"LEFT\"><span style=\"color: #800000; font-size: large;\"><span style=\"font-family: Georgia,serif;\">Ja, varf\u00f6r? Karln blev ju vald. Av 58 procent av valmansk\u00e5ren. \u00c5terst\u00e5ende 42 procent r\u00f6stade inte. S\u00e5, lite f\u00f6renklat: drygt h\u00e4lften av den vuxna befolkningen r\u00f6stade, och drygt h\u00e4ften av de som gjorde det r\u00f6stade p\u00e5 Trump. En fj\u00e4rdedel av US-amerikanerna valde s\u00e5ledes Donald Trump.<\/span><\/span><\/p>\n<p lang=\"sv-SE\" align=\"LEFT\"><span style=\"color: #800000; font-size: large;\"><span style=\"font-family: Georgia,serif;\">Nej, inte ens det. Majoriteten av r\u00f6sterna gick till <span style=\"font-family: Georgia-Italic,cursive;\"><i>Hillary Clinton<\/i><\/span> (60.966.953 r\u00f6ster mot Trumps 60.328.203 \u2013 \u00e4n r\u00e4knas valsedlar, s\u00e5 sm\u00e4rre \u00e4ndringar kan ske), men sedan \u00e4r det ju \u00f6r\u00e5det som ska best\u00e4mma, vem som ska bli president. Elektorerna, allts\u00e5, och d\u00e4r hamnade r\u00f6sterna s\u00e5 att Trump fick majoritet. V\u00e4ljarna visste ju hur det fungerade, s\u00e5 kanske n\u00e5gra fler \u00e4n 58 procent av valmansk\u00e5ren borde ha tagit valet p\u00e5 allvar?<\/span><\/span><\/p>\n<p lang=\"sv-SE\" align=\"LEFT\"><span style=\"color: #800000; font-size: large;\"><span style=\"font-family: Georgia,serif;\">Och inte var det heller bara arga, vita m\u00e4n bakom detta valresultat, som vi f\u00e5tt h\u00f6ra. Drygt en tredjedel av de som r\u00f6stade var vita kvinnor, och fler \u00e4n h\u00e4lften av dessa vita kvinnor valde Trump (enligt Edison Research). Det g\u00f6r massmedia f\u00f6rvirrade, och de uppr\u00f6rda g\u00e5r nu ut p\u00e5 gatorna.<\/span><\/span><\/p>\n<p lang=\"sv-SE\" align=\"LEFT\"><span style=\"color: #800000; font-size: large;\"><span style=\"font-family: Georgia,serif;\">Det gjorde de i Egypten ocks\u00e5, sedan de f\u00f6rst demokratiskt r\u00f6stat p\u00e5 Muslimska br\u00f6draskapet \u2013 ett parti av det trumpska slaget (fast tv\u00e4rtom, om n\u00e5gon f\u00f6rst\u00e5r vad jag menar). De inv\u00e4ntade allts\u00e5 inte mandatperiodens slut f\u00f6r att r\u00f6sta bort dem. S\u00e5 <span style=\"font-family: Georgia-Italic,cursive;\"><i>vaff\u00f6r g\u00f6\u00f6\u00f6r di p\u00e5 detta viset?<\/i><\/span><\/span><\/span><\/p>\n<p lang=\"sv-SE\" align=\"LEFT\"><span style=\"color: #800000; font-size: large;\"><span style=\"font-family: Georgia,serif;\">Och nu har folken i Bulgarien och Moldavien valt \u00bbryssv\u00e4nliga\u00ab presidenter (om n\u00e5gra ledare \u00f6sterut \u00e4r kritiska mot krav fr\u00e5n EU eller Internationella valutafonden, s\u00e5 m\u00e5ste de vara ryssv\u00e4nliga). Och mycket riktigt: i skrivande stund varslas om demonstrationer mot valresultatet \u00e4ven i Moldavien.<\/span><\/span><\/p>\n<p lang=\"sv-SE\" align=\"LEFT\"><span style=\"color: #800000; font-size: large;\"><span style=\"font-family: Georgia,serif;\">Men oss utb\u00f6lingar ang\u00e5r mest presidenternas inst\u00e4llning till krig och fred. Trump har sagt att man m\u00e5ste bek\u00e4mpa IS genom samarbete med Syriens regering, vad man \u00e4n t\u00e4nker om den. M\u00e5h\u00e4nda f\u00e5r vi d\u00e5 se ett framg\u00e5ngsrikt samarbete mellan Syrien, USA och Ryssland tills IS faller. En tidigare fred \u00e4n under fredspristagarens \u00e5tta \u00e5r, kanske?<\/span><\/span><\/p>\n<p lang=\"sv-SE\" align=\"LEFT\"><span style=\"color: #800000; font-size: large;\"><span style=\"font-family: Georgia,serif;\">\u00c5 andra sidan vill han riva upp k\u00e4rnvapenavtalet med Iran, och hur fredsskapande \u00e4r v\u00e4l det?<\/span><\/span><\/p>\n<p lang=\"sv-SE\" align=\"LEFT\"><span style=\"color: #800000; font-size: large;\"><span style=\"font-family: Georgia,serif;\">Gillar man gamla bilmodeller faller kanske Trumps inst\u00e4llning till handelsavtal i smaken, f\u00f6r om han vill inf\u00f6ra principen, att i USA ska man tillverka det som USA beh\u00f6ver, s\u00e5 kanske detta USA om \u00e5tta \u00e5r blir ett nytt Kuba, dit man kan \u00e5ka f\u00f6r att se gamla amerikanska \u00e5k p\u00e5 v\u00e4garna, medan resten av jorden k\u00f6r japanska, koreanska, kinesiska och rentav n\u00e5gon europeisk k\u00e4rra.<\/span><\/span><\/p>\n<p lang=\"sv-SE\" align=\"LEFT\"><span style=\"color: #800000; font-size: large;\"><span style=\"font-family: Georgia,serif;\">Verkligheten \u00f6vertr\u00e4ffar som bekant ibland dikten. Eller f\u00f6rverkligar dikten, som i filmen <span style=\"font-family: Georgia-Italic,cursive;\"><i>V\u00e4lkommen, mr Chance!<\/i><\/span> fr\u00e5n 1979, d\u00e4r <span style=\"font-family: Georgia-Italic,cursive;\"><i>Peter Sellers<\/i><\/span> spelar en l\u00e4tt utvecklingsst\u00f6rd herre fullproppad med repliker fr\u00e5n filmer han sett p\u00e5 alla sina tevekanaler. D\u00e5 han inte f\u00f6rst\u00e5r fr\u00e4mmande m\u00e4nniskors konstiga fr\u00e5gor, svarar han reflexm\u00e4ssigt med filmrepliker, som de fr\u00e4mmande m\u00e4nniskorna tolkar som underfundiga, spetsfundiga och djuplodande. Kort sagt: de tar den utvecklingsh\u00e4mmade f\u00f6r en vis man.<\/span><\/span><\/p>\n<p lang=\"sv-SE\" align=\"LEFT\"><span style=\"color: #800000; font-size: large;\"><span style=\"font-family: Georgia,serif;\">Som de s\u00e5 sm\u00e5ningom lanserar som kandidat till posten som F\u00f6renta staternas president.<\/span><\/span><\/p>\n<p lang=\"sv-SE\" align=\"LEFT\"><span style=\"color: #800000; font-size: large;\"><span style=\"font-family: Georgia,serif;\">P\u00e5 liknande s\u00e4tt g\u00e5r det f\u00f6r den lille judiske barberaren i <span style=\"font-family: Georgia-Italic,cursive;\"><i>Diktatorn<\/i><\/span> (1940) i ett land som till f\u00f6rv\u00e4xling liknar Tyskland, som USA vid inspelningstillf\u00e4llet \u00e4nnu ej var i krig med. N\u00e4r barberaren p\u00e5 flykt undan den store diktatorn H\u00fcnkels antijudiska stormtrupper stj\u00e4l en milit\u00e4r uniform att maskera sig i, misstas han f\u00f6r sj\u00e4lvaste diktatorn (som efter en tid p\u00e5 andjakt misstas f\u00f6r den jagade barberaren). Ty barberaren och diktatorn \u00e4r lika som en\u00e4ggstvillingar (se bara bilder av <span style=\"font-family: Georgia-Italic,cursive;\"><i>Charlie Chaplin,<\/i><\/span> som spelar de b\u00e5da). Och r\u00e4tt som det \u00e4r har de placerat den lille judiske barberaren i en talarstol inf\u00f6r miljoner, som tror att han \u00e4r den store antisemiten H\u00fcnkel.<\/span><\/span><\/p>\n<p lang=\"sv-SE\" align=\"LEFT\"><span style=\"color: #800000; font-size: large;\"><span style=\"font-family: Georgia,serif;\">Den, som \u00f6verlever denna mandatperiod, f\u00e5r se om det i verkligheten blev en mr Chance, en H\u00fcnkel eller en stor statsman av presidenten.<\/span><\/span><\/p>\n<p lang=\"sv-SE\" align=\"LEFT\"><span style=\"color: #800000; font-size: large;\"><span style=\"font-family: Georgia,serif;\"><span lang=\"sv-SE\">Innan dess kan vi fr\u00f6jda oss \u00e5t \u00e5terstoden av en annan period: v\u00e5r tjugosjunde filmfestival, som h\u00e5ller p\u00e5 till och med l\u00f6rdag. Dessa tre dagar inneh\u00e5ller svenska, amerikanska, spanska, sydkoreanska, polska, tyska, italienska, schweiziska, finska, kinesiska, emirat-egyptiska och franska filmer. N\u00e5gon ska v\u00e4l passa.<\/span><\/span><\/span><\/p>\n<p align=\"RIGHT\"><span style=\"font-size: medium; color: #800000;\"><em><span style=\"font-family: Verdana Italic,sans-serif;\">En id\u00e9 i idet av Bj\u00f6rn Forseth<\/span><\/em><\/span><\/p>\n<p align=\"RIGHT\">\n<p style=\"text-align: center;\" align=\"RIGHT\"><a href=\"..\/idet\">\u00c5ter<\/a><\/p>\n","protected":false},"excerpt":{"rendered":"<p>Festivalpaus \u2013 gratistidning.com 2016-11-14 Alla presidenternas m\u00e4n Det \u00e4r v\u00e4rst vad det v\u00e4ljs presidenter just nu: I USA, Bulgarien och Moldavien. Och i alla fallen beskriver v\u00e5ra massmedier det som att folket gjort uppr\u00f6rande val. Och tja \u2013 hade Donald Trump skrivit en kr\u00f6nika om immigranter och muslimer i Annonsbladet skulle den antagligen ha refuserats. &hellip; <\/p>\n<p class=\"link-more\"><a href=\"https:\/\/forseth.se\/?page_id=672\" class=\"more-link\">Forts\u00e4tt l\u00e4sa<span class=\"screen-reader-text\"> \u201dAlla presidenternas m\u00e4n\u201d<\/span><\/a><\/p>\n","protected":false},"author":1,"featured_media":0,"parent":0,"menu_order":83,"comment_status":"closed","ping_status":"closed","template":"","meta":{"footnotes":""},"class_list":["post-672","page","type-page","status-publish","hentry"],"_links":{"self":[{"href":"https:\/\/forseth.se\/index.php?rest_route=\/wp\/v2\/pages\/672","targetHints":{"allow":["GET"]}}],"collection":[{"href":"https:\/\/forseth.se\/index.php?rest_route=\/wp\/v2\/pages"}],"about":[{"href":"https:\/\/forseth.se\/index.php?rest_route=\/wp\/v2\/types\/page"}],"author":[{"embeddable":true,"href":"https:\/\/forseth.se\/index.php?rest_route=\/wp\/v2\/users\/1"}],"replies":[{"embeddable":true,"href":"https:\/\/forseth.se\/index.php?rest_route=%2Fwp%2Fv2%2Fcomments&post=672"}],"version-history":[{"count":1,"href":"https:\/\/forseth.se\/index.php?rest_route=\/wp\/v2\/pages\/672\/revisions"}],"predecessor-version":[{"id":674,"href":"https:\/\/forseth.se\/index.php?rest_route=\/wp\/v2\/pages\/672\/revisions\/674"}],"wp:attachment":[{"href":"https:\/\/forseth.se\/index.php?rest_route=%2Fwp%2Fv2%2Fmedia&parent=672"}],"curies":[{"name":"wp","href":"https:\/\/api.w.org\/{rel}","templated":true}]}}