{"id":679,"date":"2017-05-02T17:09:25","date_gmt":"2017-05-02T15:09:25","guid":{"rendered":"https:\/\/forseth.se\/idet\/?page_id=679"},"modified":"2017-05-02T17:11:36","modified_gmt":"2017-05-02T15:11:36","slug":"tora-tora-ropar-den-alskande-eller-handlar-det-om-nagot-annat","status":"publish","type":"page","link":"https:\/\/forseth.se\/?page_id=679","title":{"rendered":"Tora, Tora! ropar den \u00e4lskande. Eller handlar det om n\u00e5got annat?"},"content":{"rendered":"<p style=\"text-align: center;\"><span style=\"color: #800000;\">TORA! TORA! TORA! \u2013 gratistidning.com 2016-12-09<\/span><\/p>\n<p style=\"text-align: center;\"><span style=\"color: #800000;\"><a style=\"color: #800000;\" href=\"https:\/\/forseth.se\/idet\/wp-content\/uploads\/2017\/05\/Tora-Tora-Tora.jpg\"><img loading=\"lazy\" decoding=\"async\" class=\"aligncenter size-full wp-image-680\" src=\"https:\/\/forseth.se\/idet\/wp-content\/uploads\/2017\/05\/Tora-Tora-Tora.jpg\" alt=\"\" width=\"1000\" height=\"699\" srcset=\"https:\/\/forseth.se\/wp-content\/uploads\/2017\/05\/Tora-Tora-Tora.jpg 1000w, https:\/\/forseth.se\/wp-content\/uploads\/2017\/05\/Tora-Tora-Tora-300x210.jpg 300w, https:\/\/forseth.se\/wp-content\/uploads\/2017\/05\/Tora-Tora-Tora-768x537.jpg 768w\" sizes=\"auto, (max-width: 767px) 89vw, (max-width: 1000px) 54vw, (max-width: 1071px) 543px, 580px\" \/><\/a><\/span><\/p>\n<p style=\"text-align: center;\"><span style=\"color: #800000;\"><\/p>\n<style type=\"text\/css\">\n\t<!-- @page { margin: 2cm } P { margin-bottom: 0.21cm } --><br \/>\n\t<\/style>\n<p><\/span><\/p>\n<p align=\"CENTER\"><span style=\"color: #800000; font-size: xx-large;\"><span style=\"font-family: Verdana-Bold;\"><b><span lang=\"sv-SE\">Tora, Tora! ropar den \u00e4lskande. Eller handlar det om n\u00e5got annat?<\/span><\/b><\/span><\/span><\/p>\n<p align=\"CENTER\"><span style=\"color: #800000; font-size: x-large;\"><span style=\"font-family: Verdana-Bold;\"><b>Varuhuset \u00c5hl\u00e9ns annonserar med ett m\u00f6rkhyat barn som Lucia, och det tar hus i helsike. Sedan drar de tillbaka annonsen.<\/b><\/span><\/span><\/p>\n<p><span style=\"color: #800000;\"><span style=\"font-family: ACaslonPro-Regular;\"><span style=\"font-size: x-large;\">H\u00f6rs\u00e4gen h\u00e4vdar, att det var f\u00f6r\u00e4ldrarna som ville ha annonsen tillbakadragen. Det kan man inte inv\u00e4nda emot. Men annars hade det varit fegt av varuhuset. Man ska inte backa inf\u00f6r folk som inte t\u00e5l att se svart hud under stearinljusen. F\u00f6rst och fr\u00e4mst f\u00f6r att Lucia v\u00e4l kan f\u00e5 vara gr\u00f6n eller gul, om hon vill. F\u00f6r det andra f\u00f6r att den historiska Lucia helt enkelt <\/span><\/span><span style=\"font-family: ACaslonPro-Bold;\"><span style=\"font-size: x-large;\"><b>var<\/b><\/span><\/span><span style=\"font-family: ACaslonPro-Regular;\"><span style=\"font-size: x-large;\"> m\u00f6rkhyad!<\/span><\/span><\/span><\/p>\n<p style=\"padding-left: 30px;\"><span style=\"color: #800000; font-size: x-large;\"><span style=\"font-family: ACaslonPro-Regular;\">D\u00e4remot ifr\u00e5gas\u00e4tter jag i all stillhet (utan vare sig Fejan eller Kvitter), varf\u00f6r man ska framst\u00e4lla Lucia som en pojke. Den historiska Lucia var ett fruntimmer och inget annat. Varf\u00f6r ska m\u00e4nnen ta en av de f\u00e5 dom\u00e4ner, som faktiskt \u00e4r kvinnlig? Ska kvinnorna inte f\u00e5 ha n\u00e5got kvar?<\/span><\/span><\/p>\n<p><span style=\"color: #800000;\"><span style=\"font-family: ACaslonPro-Regular;\"><span style=\"font-size: x-large;\">Samma dag som detta stod i tidningen s\u00e5g jag en bild av en muralm\u00e5lning till <\/span><\/span><span style=\"font-family: ACaslonPro-Italic,cursive;\"><span style=\"font-size: x-large;\"><i>Astrid Lindgrens<\/i><\/span><\/span><span style=\"font-family: ACaslonPro-Regular;\"><span style=\"font-size: x-large;\"> \u00e4ra i en kommun s\u00f6derut. En brasilianare hade m\u00e5lat n\u00e5gra barn p\u00e5 den enorma ytan, och som barn pl\u00e4gar se ut i Brasilien var deras hy olika varianter av chokladbrunt. Det tog ocks\u00e5 hus i helsike. Men de som inte t\u00e5lde sv\u00e4rtan blev en liten minoritet i kvitterfl\u00f6det, f\u00f6r m\u00e5ngdubbelt fler st\u00f6dde konstn\u00e4rens verk. Se d\u00e4r ett rakryggat handlande! (F\u00f6rmodligen i Astrid Lindgrens andra, f\u00f6r Pippi L\u00e5ngstrumps pappa negerkungens barn var d\u00e5 Pippis chokladbruna syskon.)<\/span><\/span><\/span><\/p>\n<p><span style=\"color: #800000;\"><span style=\"font-family: ACaslonPro-Regular;\"><span style=\"font-size: x-large;\">Man kan ana att dagens uppv\u00e4xande generationer knappt ser skillnad mellan kaukasier, bruna och svarta (som nuvarande amerikansk \u201drasindelning\u201d lyder), men annars ligger inte rasismen l\u00e5ngt borta. Under undertecknads uppv\u00e4xt s\u00e5g man inga m\u00e4nniskor med andra kontinenters s\u00e4rdrag i verkliga livet, och de m\u00e5nga Hollywoodfilmerna om andra v\u00e4rldskriget (som i nedklippt skick gick som matin\u00e9er f\u00f6r oss) beskrev japaner som l\u00f6mska gulingar. <\/span><\/span><span style=\"font-family: ACaslonPro-Italic,cursive;\"><span style=\"font-size: x-large;\"><i>Walt Disneys<\/i><\/span><\/span><span style=\"font-family: ACaslonPro-Regular;\"><span style=\"font-size: x-large;\"> Kalle Anka-filmer, tecknade p\u00e5 best\u00e4llning av Krigsdepartementet, var inget undantag.<\/span><\/span><\/span><\/p>\n<p><span style=\"color: #800000;\"><span style=\"font-family: ACaslonPro-Regular;\"><span style=\"font-size: x-large;\">D\u00e4rf\u00f6r h\u00f6jde man p\u00e5 \u00f6gonbrynen, n\u00e4r det p\u00e5kostade krigsdramat <\/span><\/span><span style=\"font-family: ACaslonPro-Italic,cursive;\"><span style=\"font-size: x-large;\"><i>Tora! Tora! Tora!<\/i><\/span><\/span><span style=\"font-family: ACaslonPro-Regular;\"><span style=\"font-size: x-large;\"> d\u00f6k upp p\u00e5 biograferna 1970. Titeln \u00e4r Japans kodord f\u00f6r stormningen, \u00f6verfallet p\u00e5 USAs \u00f6rlogsbas i Pearl Harbor p\u00e5 Hawaii den 7 december 1941 (enligt den lokala tider\u00e4kningen). Denna film b\u00f6rjade fr\u00e5n japanernas utsiktspunkt, och japanerna till\u00e4ts tala japanska och till och med skratta ibland. Det var den f\u00f6rsta ickerasistiska Hollywoodrullen om stillahavskriget.<\/span><\/span><\/span><\/p>\n<p><span style=\"color: #800000;\"><span style=\"font-family: ACaslonPro-Regular;\"><span style=\"font-size: x-large;\">Pearl Harbor hade skildrats p\u00e5 bioduken f\u00f6rut, mest k\u00e4nd \u00e4r v\u00e4l den amerikanska <\/span><\/span><span style=\"font-family: ACaslonPro-Italic,cursive;\"><span style=\"font-size: x-large;\"><i>H\u00e4rifr\u00e5n till evigheten<\/i><\/span><\/span><span style=\"font-family: ACaslonPro-Regular;\"><span style=\"font-size: x-large;\"> (1953). En stark och romantisk film. Helt ok\u00e4nd \u00e4r s\u00e4kert den japanska <\/span><\/span><span style=\"font-family: ACaslonPro-Italic,cursive;\"><span style=\"font-size: x-large;\"><i>Jag bombade Pearl Harbor<\/i><\/span><\/span><span style=\"font-family: ACaslonPro-Regular;\"><span style=\"font-size: x-large;\"> (1960). Den lyckades jag faktiskt smita in p\u00e5, fast jag var under\u00e5rig, men jag minns inget av den. Rasistisk var den nog inte, i alla fall. Men riktigt romantisk f\u00e5r man v\u00e4l kalla 2001 \u00e5rs amerikanska <\/span><\/span><span style=\"font-family: ACaslonPro-Italic,cursive;\"><span style=\"font-size: x-large;\"><i>Pearl Harbor.<\/i><\/span><\/span><span style=\"font-family: ACaslonPro-Regular;\"><span style=\"font-size: x-large;\"> Dess h\u00e4ftigaste stridsscener anade v\u00e4l ingen, att de var l\u00e5nade fr\u00e5n 1970 \u00e5rs \u201dTora! Tora! Tora!\u201d, i vilken inspelningen gick s\u00e5 hett till, att statisterna vid ett par tillf\u00e4llen sprang p\u00e5 alla fyra f\u00f6r brinnande livet.<\/span><\/span><\/span><\/p>\n<p><span style=\"color: #800000;\">\u201d<span style=\"font-family: ACaslonPro-Regular;\"><span style=\"font-size: x-large;\">Tora\u201d! Tora! Tora\u201d g\u00e5r i f\u00f6rsta akten grundligt igenom vad som f\u00f6regick anfallet. Den framst\u00e4ller Japans ekonomiska och strategiska begrundanden, som ledde till att de f\u00f6rklarade USA krig. \u2013 Gjorde de det, f\u00f6rresten? Anf\u00f6ll de inte USA utan krigsf\u00f6rklaring, de l\u00f6mska typerna? \u2013 Detta f\u00f6rklaras liksom USAs m\u00e5nga misstag. Varf\u00f6r fick presidenten inget veta? Och s\u00e5 vidare.<\/span><\/span><\/span><\/p>\n<p><span style=\"color: #800000; font-size: x-large;\"><span style=\"font-family: ACaslonPro-Regular;\">Under mitt tj\u00e4nste\u00e5r i Bosnien bodde jag p\u00e5 en polsk-dansk bas, d\u00e4r en liten hemsnickrad bio fanns. En g\u00e5ng visade jag d\u00e4r denna film p\u00e5 dvd. En amerikansk f\u00f6rbindelseofficer satt i publiken. Efter\u00e5t sa han till mig, att han sett filmen \u00e5tskilliga g\u00e5nger hemma \u2013 \u00e4nd\u00e5 k\u00e4nde han nu inte igen den. \u201dDe m\u00e5ste ha censurerat den hemma i staterna\u201d, sa han, \u201df\u00f6r jag minns inte alla de misstagen vi gjorde\u201d.<\/span><\/span><\/p>\n<p><span style=\"color: #800000; font-size: x-large;\"><span style=\"font-family: ACaslonPro-Regular;\">Kiruna filmstudio visar nu p\u00e5 torsdag denna spelfilm, som i dokument\u00e4r stil anger de inblandade personernas namn och st\u00e4llning med namnskyltar. Japanska regiss\u00f6rer har regisserat de japanska inslagen, de amerikanska har regisserats av en amerikan. En sak filmen dock saknar \u00e4r romantik. Det kanske inte historieintresserade bryr sig om, och historieintresserade finns det m\u00e5nga, men en del av dem k\u00e4nner inte till filmstudion. Det kan vara v\u00e4rt att tipsa v\u00e4nner som g\u00e4rna tar del av milit\u00e4rhistoria, f\u00f6r p\u00e5 torsdag p\u00e5 Folkets hus visas (f\u00f6r f\u00f6rsta g\u00e5ngen p\u00e5 svensk bio?) den n\u00e5got l\u00e4ngre version av \u201dTora! Tora! Tora!\u201d, som bara gick p\u00e5 japanska biografer.<\/span><\/span><\/p>\n<p><span style=\"color: #800000; font-size: x-large;\"><span style=\"font-family: ACaslonPro-Regular;\">En film i tv\u00e5 akter med fikapaus den 8 december, 75 \u00e5r efter Pearl Harbor.<\/span><\/span><\/p>\n<p align=\"RIGHT\"><span style=\"font-family: ACaslonPro-Italic,cursive; color: #800000; font-size: x-large;\"><i>En id\u00e9 i idet fr\u00e5n Bj\u00f6rn Forseth<\/i><\/span><\/p>\n<p align=\"RIGHT\">\n<p style=\"text-align: center;\" align=\"RIGHT\"><span style=\"color: #800000;\"><a style=\"color: #800000;\" href=\"..\/idet\">\u00c5ter<\/a><\/span><\/p>\n","protected":false},"excerpt":{"rendered":"<p>TORA! TORA! TORA! \u2013 gratistidning.com 2016-12-09 Tora, Tora! ropar den \u00e4lskande. Eller handlar det om n\u00e5got annat? Varuhuset \u00c5hl\u00e9ns annonserar med ett m\u00f6rkhyat barn som Lucia, och det tar hus i helsike. Sedan drar de tillbaka annonsen. H\u00f6rs\u00e4gen h\u00e4vdar, att det var f\u00f6r\u00e4ldrarna som ville ha annonsen tillbakadragen. Det kan man inte inv\u00e4nda emot. Men &hellip; <\/p>\n<p class=\"link-more\"><a href=\"https:\/\/forseth.se\/?page_id=679\" class=\"more-link\">Forts\u00e4tt l\u00e4sa<span class=\"screen-reader-text\"> \u201dTora, Tora! ropar den \u00e4lskande. Eller handlar det om n\u00e5got annat?\u201d<\/span><\/a><\/p>\n","protected":false},"author":1,"featured_media":0,"parent":0,"menu_order":85,"comment_status":"closed","ping_status":"closed","template":"","meta":{"footnotes":""},"class_list":["post-679","page","type-page","status-publish","hentry"],"_links":{"self":[{"href":"https:\/\/forseth.se\/index.php?rest_route=\/wp\/v2\/pages\/679","targetHints":{"allow":["GET"]}}],"collection":[{"href":"https:\/\/forseth.se\/index.php?rest_route=\/wp\/v2\/pages"}],"about":[{"href":"https:\/\/forseth.se\/index.php?rest_route=\/wp\/v2\/types\/page"}],"author":[{"embeddable":true,"href":"https:\/\/forseth.se\/index.php?rest_route=\/wp\/v2\/users\/1"}],"replies":[{"embeddable":true,"href":"https:\/\/forseth.se\/index.php?rest_route=%2Fwp%2Fv2%2Fcomments&post=679"}],"version-history":[{"count":3,"href":"https:\/\/forseth.se\/index.php?rest_route=\/wp\/v2\/pages\/679\/revisions"}],"predecessor-version":[{"id":683,"href":"https:\/\/forseth.se\/index.php?rest_route=\/wp\/v2\/pages\/679\/revisions\/683"}],"wp:attachment":[{"href":"https:\/\/forseth.se\/index.php?rest_route=%2Fwp%2Fv2%2Fmedia&parent=679"}],"curies":[{"name":"wp","href":"https:\/\/api.w.org\/{rel}","templated":true}]}}