{"id":707,"date":"2017-05-09T17:32:40","date_gmt":"2017-05-09T15:32:40","guid":{"rendered":"https:\/\/forseth.se\/idet\/?page_id=707"},"modified":"2017-05-09T17:33:43","modified_gmt":"2017-05-09T15:33:43","slug":"hundliv-i-boston","status":"publish","type":"page","link":"https:\/\/forseth.se\/?page_id=707","title":{"rendered":"Hundliv i Boston"},"content":{"rendered":"<p style=\"text-align: center;\"><span style=\"color: #800000;\">THE DROP \u2013 gratistidning.com 2017-01-17<\/span><\/p>\n<p style=\"text-align: center;\"><span style=\"color: #800000;\"><a style=\"color: #800000;\" href=\"https:\/\/forseth.se\/idet\/wp-content\/uploads\/2017\/05\/The-drop-James-Gandolfini-Tom-Hardy-och-Noomi-Rapace.jpg\"><img loading=\"lazy\" decoding=\"async\" class=\"aligncenter size-full wp-image-708\" src=\"https:\/\/forseth.se\/idet\/wp-content\/uploads\/2017\/05\/The-drop-James-Gandolfini-Tom-Hardy-och-Noomi-Rapace.jpg\" alt=\"\" width=\"1000\" height=\"1122\" srcset=\"https:\/\/forseth.se\/wp-content\/uploads\/2017\/05\/The-drop-James-Gandolfini-Tom-Hardy-och-Noomi-Rapace.jpg 1000w, https:\/\/forseth.se\/wp-content\/uploads\/2017\/05\/The-drop-James-Gandolfini-Tom-Hardy-och-Noomi-Rapace-267x300.jpg 267w, https:\/\/forseth.se\/wp-content\/uploads\/2017\/05\/The-drop-James-Gandolfini-Tom-Hardy-och-Noomi-Rapace-768x862.jpg 768w, https:\/\/forseth.se\/wp-content\/uploads\/2017\/05\/The-drop-James-Gandolfini-Tom-Hardy-och-Noomi-Rapace-913x1024.jpg 913w\" sizes=\"auto, (max-width: 767px) 89vw, (max-width: 1000px) 54vw, (max-width: 1071px) 543px, 580px\" \/><\/a><\/span><\/p>\n<p style=\"text-align: center;\"><span style=\"color: #800000;\"><\/p>\n<style type=\"text\/css\">\n\t<!--\n\t\t@page { margin: 2cm }\n\t\tP { margin-bottom: 0.21cm }\n\t-->\n\t<\/style>\n<p><\/span><\/p>\n<p lang=\"sv-SE\" align=\"CENTER\"><span style=\"color: #800000; font-size: 300%;\"><span style=\"font-family: Gotham-Bold;\"><b>St\u00e5ndaktiga kvinnor<\/b><\/span><\/span><\/p>\n<p lang=\"sv-SE\" align=\"CENTER\"><span style=\"color: #800000; font-size: large;\"><span style=\"font-family: Gotham-BoldItalic,cursive;\"><i><b>\u00bbVerkligheten \u00f6vertr\u00e4ffar dikten\u00ab, s\u00e4gs det. N\u00e4r undertecknad f\u00f6re jul skrev i denna tidning om filmen med mannen som undflydde polisen genom att kl\u00e4ttra p\u00e5 husfasader \u2013 d\u00e5 det i storsta\u2019n inte fanns s\u00e5 m\u00e5nga tr\u00e4d att v\u00e4lja p\u00e5 \u2013 s\u00e5 kanh\u00e4nda en lokal buse i Lule\u00e5 l\u00e4ste den kr\u00f6nikan. Ty den fanns publicerad p\u00e5 n\u00e4tet den 20 december, och den dagen stoppades v\u00e5r buse i en poliskontroll i \u00d6rarna och efterf\u00f6ljde kr\u00f6nikans antydda tips f\u00f6r att slippa m\u00f6ta polisen \u00f6ga mot \u00f6ga. Till skillnad fr\u00e5n filmens storstad finns det i \u00d6rarna fler tr\u00e4d \u00e4n skyskrapor, och i ett s\u00e5dant kl\u00e4ttrade han upp och klarade sig d\u00e4rmed bra l\u00e4nge fr\u00e5n lagens l\u00e5nga arm, som letade efter honom medelst ytspaning.<\/b><\/i><\/span><\/span><\/p>\n<p lang=\"sv-SE\" align=\"LEFT\"><span style=\"color: #800000; font-size: large;\"><span style=\"font-family: Georgia,serif;\">Se d\u00e4r ett tips till Filmpool Nord om ett framtida projekt: en ny svensk filmfars med arbetsnamnet <span style=\"font-family: Georgia-Italic,cursive;\"><i>Upp genom luften<\/i><\/span> i sin amerikanska f\u00f6rlagas anda!<\/span><\/span><\/p>\n<p lang=\"sv-SE\" align=\"LEFT\"><span style=\"color: #800000; font-size: large;\"><span style=\"font-family: Georgia,serif;\">Den h\u00e4r veckan blir det inte skrattfest till stumfilm p\u00e5 Folkets hus, f\u00f6r filmstudion startar v\u00e5rs\u00e4songen med en k\u00e4rleksfilm (med ljud!) fr\u00e5n v\u00e5ra dagar. <span style=\"font-family: Georgia-Italic,cursive;\"><i>Take this waltz<\/i><\/span> heter den, f\u00f6r att s\u00e5 heter en s\u00e5ng skriven av <span style=\"font-family: Georgia-Italic,cursive;\"><i>Leonard Cohen,<\/i><\/span> sjungen av honom sj\u00e4lv i filmen. Filmen \u00e4r visserligen fr\u00e5n 2011 och Cohen avled den 7 november ifjol, men se det g\u00e4rna som en liten hedersbevisning gentemot framlidne Cohen.<\/span><\/span><\/p>\n<p lang=\"sv-SE\" align=\"LEFT\"><span style=\"color: #800000; font-size: large;\"><span style=\"font-family: Georgia,serif;\">Dock \u00e4r det ingen musikfilm. En komedi kan man i n\u00e5gon m\u00e5n s\u00e4ga, men framf\u00f6r allt \u00e4r det ett romantiskt drama om en utomordentligt lyckligt gift kvinna, som trots det blir intresserad av en annan man. Kan s\u00e5dant h\u00e4nda i verkligheten? undrar den f\u00f6rh\u00e4rdade ungkarlen.<\/span><\/span><\/p>\n<p lang=\"sv-SE\" align=\"LEFT\"><span style=\"color: #800000; font-size: large;\"><span style=\"font-family: Georgia,serif;\">Det kan v\u00e4l det, om man f\u00e5r tro folk runtom en. \u00bbTrekant\u00ab \u00e4r ocks\u00e5 en i icke ringa grad popul\u00e4r genre inom litteratur och film. T\u00e4nk bara p\u00e5 en ber\u00f6md liten film som <span style=\"font-family: Georgia-Italic,cursive;\"><i>David Leans Kort m\u00f6te<\/i><\/span> fr\u00e5n 1945, d\u00e4r normallyckligt gifta <span style=\"font-family: Georgia-Italic,cursive;\"><i>Celia Johnson<\/i><\/span> p\u00e5 en j\u00e4rnv\u00e4gsstation m\u00f6ter en man, som hon inte borde tr\u00e4ffa igen. Men f\u00f6rst\u00e5s g\u00f6r. I <span style=\"font-family: Georgia-Italic,cursive;\"><i>Fran\u00e7ois Truffauts<\/i><\/span> film <span style=\"font-family: Georgia-Italic,cursive;\"><i>Jules och Jim<\/i><\/span> st\u00e5r <span style=\"font-family: Georgia-Italic,cursive;\"><i>Jeanne Moreau<\/i><\/span> mellan tv\u00e5 m\u00e4n, medan den kirgisiske sovjetf\u00f6rfattaren <span style=\"font-family: Georgia-Italic,cursive;\"><i>Tjingiz Ajtmatov<\/i><\/span> som f\u00f6rlaga till en film skrev om en man, nomad, som regelbundet l\u00e4mnade sin hustru kvar i jurtan (k\u00e5tan) vid hjorden uppe i bergen f\u00f6r att ta sig ner till sta\u2019n och \u00e4lskarinnan. Ja, m\u00e4nniskan \u00e4r sig lik.<\/span><\/span><\/p>\n<p lang=\"sv-SE\" align=\"LEFT\"><span style=\"color: #800000; font-size: large;\"><span style=\"font-family: Georgia,serif;\">Men allts\u00e5 \u2013 att efter fem \u00e5rs \u00e4ktenskap upptr\u00e4da s\u00e5 k\u00e4rleksfullt mot sin man som om de vore nyf\u00f6r\u00e4lskade \u2013 d\u00e5 borde det vara l\u00e4tt att vara st\u00e5ndaktig. Men det \u00e4r kanske skillnad p\u00e5 engelsm\u00e4n, kirgiser och kanadensare?<\/span><\/span><\/p>\n<p lang=\"sv-SE\" align=\"LEFT\"><span style=\"color: #800000; font-size: large;\"><span style=\"font-family: Georgia,serif;\">I \u00bbTake this waltz\u00ab \u00e4r k\u00e4nslostormarna kanadensiska, \u00e4ven om sk\u00e5despelerskan bakom kvinnan mellan h\u00f6tapparna \u00e4r fr\u00e5n USA, <span style=\"font-family: Georgia-Italic,cursive;\"><i>Michelle Williams<\/i><\/span> heter hon. Den kanadensiska regiss\u00f6ren <span style=\"font-family: Georgia-Italic,cursive;\"><i>Sarah Polley<\/i><\/span> har kanske k\u00e4nsla f\u00f6r s\u00e5dana d\u00e4r m\u00e4nskliga svagheter som att falla f\u00f6r en annan n\u00e4r man har en f\u00f6rsta. Hon debuterade i alla fall som regiss\u00f6r och manusf\u00f6rfattare 2006 med en filmatisering av andra k\u00e4rleksproblem efter en novell av nobelpristagaren <span style=\"font-family: Georgia-Italic,cursive;\"><i>Alice Munro: Away from her <\/i><\/span>hette filmen, som Sveriges television har visat. D\u00e4r \u00e4r det \u00e4ldre m\u00e4nniskors k\u00e4rlek som tar sig ov\u00e4ntade uttryck, n\u00e4r <span style=\"font-family: Georgia-Italic,cursive;\"><i>Julie Christie<\/i><\/span> f\u00e5r alzheimer. <\/span><\/span><\/p>\n<p lang=\"sv-SE\" align=\"LEFT\"><span style=\"color: #800000; font-size: large;\"><span style=\"font-family: Georgia,serif;\">Det h\u00e4r l\u00e5ter ju inte kul; alzheimer och trekanter. Man ska kanske inte rota i vissa saker, k\u00e4nner man oroligt. Men s\u00e5n\u2019t \u00e4r livet, och bra litteratur och bra film f\u00f6rgyller det, \u00e4ven n\u00e4r det oroar. Sarah Polley sj\u00e4lv \u00e4r uppenbarligen inte r\u00e4dd f\u00f6r orosmoment eller ens r\u00e4dd om sin egen karri\u00e4r. Som tolv\u00e5ring spelade hon huvudrollen i teveserien <span style=\"font-family: Georgia-Italic,cursive;\"><i>V\u00e4gen till Avonlea<\/i><\/span> (1989), och n\u00e4r hon skulle f\u00e5 ett pris gick hon upp p\u00e5 pallen med ett m\u00e4rke mot Kuwaitkriget p\u00e5 br\u00f6stet. Disney bad henne ta av sig det, hon v\u00e4grade och s\u00e5 l\u00e4mnade hon serien.<\/span><\/span><\/p>\n<p lang=\"sv-SE\" align=\"LEFT\"><span style=\"color: #800000; font-size: large;\"><span style=\"font-family: Georgia,serif;\"><span lang=\"sv-SE\">St\u00e5ndaktig kvinna.<\/span><\/span><\/span><\/p>\n<p align=\"RIGHT\"><span style=\"font-size: medium; color: #800000;\"><em><span style=\"font-family: Verdana Italic,sans-serif;\">En id\u00e9 i idet av Bj\u00f6rn Forseth<\/span><\/em><\/span><\/p>\n<p align=\"RIGHT\">\n<p style=\"text-align: center;\" align=\"RIGHT\"><a href=\"..\/idet\">\u00c5ter<\/a><\/p>\n","protected":false},"excerpt":{"rendered":"<p>THE DROP \u2013 gratistidning.com 2017-01-17 St\u00e5ndaktiga kvinnor \u00bbVerkligheten \u00f6vertr\u00e4ffar dikten\u00ab, s\u00e4gs det. N\u00e4r undertecknad f\u00f6re jul skrev i denna tidning om filmen med mannen som undflydde polisen genom att kl\u00e4ttra p\u00e5 husfasader \u2013 d\u00e5 det i storsta\u2019n inte fanns s\u00e5 m\u00e5nga tr\u00e4d att v\u00e4lja p\u00e5 \u2013 s\u00e5 kanh\u00e4nda en lokal buse i Lule\u00e5 l\u00e4ste den &hellip; <\/p>\n<p class=\"link-more\"><a href=\"https:\/\/forseth.se\/?page_id=707\" class=\"more-link\">Forts\u00e4tt l\u00e4sa<span class=\"screen-reader-text\"> \u201dHundliv i Boston\u201d<\/span><\/a><\/p>\n","protected":false},"author":1,"featured_media":0,"parent":0,"menu_order":89,"comment_status":"closed","ping_status":"closed","template":"","meta":{"footnotes":""},"class_list":["post-707","page","type-page","status-publish","hentry"],"_links":{"self":[{"href":"https:\/\/forseth.se\/index.php?rest_route=\/wp\/v2\/pages\/707","targetHints":{"allow":["GET"]}}],"collection":[{"href":"https:\/\/forseth.se\/index.php?rest_route=\/wp\/v2\/pages"}],"about":[{"href":"https:\/\/forseth.se\/index.php?rest_route=\/wp\/v2\/types\/page"}],"author":[{"embeddable":true,"href":"https:\/\/forseth.se\/index.php?rest_route=\/wp\/v2\/users\/1"}],"replies":[{"embeddable":true,"href":"https:\/\/forseth.se\/index.php?rest_route=%2Fwp%2Fv2%2Fcomments&post=707"}],"version-history":[{"count":3,"href":"https:\/\/forseth.se\/index.php?rest_route=\/wp\/v2\/pages\/707\/revisions"}],"predecessor-version":[{"id":711,"href":"https:\/\/forseth.se\/index.php?rest_route=\/wp\/v2\/pages\/707\/revisions\/711"}],"wp:attachment":[{"href":"https:\/\/forseth.se\/index.php?rest_route=%2Fwp%2Fv2%2Fmedia&parent=707"}],"curies":[{"name":"wp","href":"https:\/\/api.w.org\/{rel}","templated":true}]}}