{"id":89,"date":"2017-03-01T16:02:15","date_gmt":"2017-03-01T15:02:15","guid":{"rendered":"http:\/\/forseth.se\/idet\/?page_id=89"},"modified":"2017-04-06T09:50:50","modified_gmt":"2017-04-06T07:50:50","slug":"de-forsta-96-filmkronikorna","status":"publish","type":"page","link":"https:\/\/forseth.se\/?page_id=89","title":{"rendered":"Hur filmkr\u00f6nikorna kom till"},"content":{"rendered":"<style type=\"text\/css\">\n\t<!-- @page { margin: 2cm } H1 { margin-bottom: 0.11cm } H1.western { font-family: \"Arial\", sans-serif; font-size: 16pt } H1.cjk { font-family: \"Arial\"; font-size: 16pt } H1.ctl { font-family: \"Arial\", sans-serif; font-size: 16pt } P { margin-bottom: 0.21cm } --><br \/>\t<\/style>\n<h1 class=\"western\" align=\"CENTER\"><span style=\"font-size: xx-large; color: #800000;\">S\u00e5 b\u00f6rjade det med dessa filmkr\u00f6nikor<\/span><\/h1>\n<p>&nbsp;<\/p>\n<p><span style=\"font-family: Georgia,sans-serif; color: #800000;\"><span style=\"font-size: x-large;\">En kv\u00e4ll i mars 2014 satt undertecknad och n\u00e5gra andra p\u00e5 Solsidan och kom att n\u00e4mna <i>Kiruna filmstudio,<\/i> som inte alla visste vad den egentligen var. Att vara f\u00f6dd och uppvuxen i Kiruna, d\u00e4r denna filmklubb hade funnits sedan 1954, var uppenbarligen inte tillr\u00e4ckligt f\u00f6r att man skulle veta om dess existens. Inte var det d\u00e5 konstigt, att filmstudions annonser gjorde s\u00e5 liten verkan, menade jag.<\/span><\/span><\/p>\n<p style=\"padding-left: 30px;\"><span style=\"color: #800000;\"><span style=\"font-family: Georgia,sans-serif;\"><span style=\"font-size: x-large;\">\u2013 Skriv en blogg p\u00e5 gratistidning.com, vetja, tyckte Peder Gidlund fr\u00e5n <i>Kiruna Annonsblad,<\/i> d\u00e5 f\u00e5r ni gratisreklam, f\u00f6r vi brukar publicera n\u00e5gon av de senaste bloggarna varje vecka.<\/span><\/span><\/span><\/p>\n<p><span style=\"font-family: Georgia,sans-serif; color: #800000;\"><span style=\"font-size: x-large;\">Det var inte mer \u00e4n sagt s\u00e5 blev det gjort. Utan uppdrag fr\u00e5n filmstudion och utan krav var det bara att sp\u00e5na p\u00e5 varje vecka, eftersom filmstudion visade en film varje torsdag. Det blev 96 kr\u00f6nikor, innan jag startade hemsidan <i>Idet,<\/i> d\u00e4r de nu visas (i s\u00f6kmotorn st\u00e5r det 98 tr\u00e4ffar, men ett par var bara meddelanden till l\u00e4sekretsen).<\/span><\/span><\/p>\n<p><span style=\"font-family: Georgia,sans-serif; color: #800000;\"><span style=\"font-size: x-large;\">Hur l\u00e5nga skriverierna skulle vara fanns inte heller utsagt. Ibland blev de s\u00e5 l\u00e5nga, att redaktionen fick minska typsnittsgraden. En g\u00e5ng fick inte den medf\u00f6ljande bilden plats. D\u00e5 f\u00f6reslog jag att de skulle skriva rubriken klatschigt tv\u00e4rs \u00f6ver sj\u00e4lva bilden som p\u00e5 en annan bioaffisch. Det blev flott.<\/span><\/span><\/p>\n<p><span style=\"font-family: Georgia,sans-serif; color: #800000;\"><span style=\"font-size: x-large;\">Men en vecka (d\u00e5 det inte skulle visas n\u00e5gon film p\u00e5 grund av helg eller n\u00e5got) skrev jag i st\u00e4llet om filmformat. Den kr\u00f6nikan upptog <i>en hel sida<\/i> i Annonsbladet. S\u00e5 man kan inte klaga p\u00e5 tillm\u00f6tesg\u00e5endet\u2026<\/span><\/span><\/p>\n<p><span style=\"font-family: Georgia,sans-serif; color: #800000;\"><span style=\"font-size: x-large;\">Avslutningsvis: Att f\u00e5 lov att bara \u00bbsp\u00e5na\u00ab g\u00f6r det l\u00e4tt att skriva en kr\u00f6nika, ty d\u00e5 beh\u00f6ver jag inte vara kunnig eller h\u00e5lla mig till saken. I allm\u00e4nhet har jag inte sett veckans film i f\u00f6rv\u00e4g, och inte vill jag veta hur den g\u00e5r innan jag sett den \u2013 och inte f\u00f6rst\u00f6ra upplevelsen f\u00f6r l\u00e4sarna, heller. D\u00e4rf\u00f6r f\u00e5r fantasirika associationer och l\u00e4get i omv\u00e4rlden fylla p\u00e5, alltmedan folk tycks tro att jag kan en massa. Det bjuder jag p\u00e5.<\/span><\/span><\/p>\n<p>&nbsp;<\/p>\n<p align=\"RIGHT\"><span style=\"font-family: Georgia,sans-serif; color: #800000;\"><span style=\"font-size: x-large;\"><i>En id\u00e9 i idet av Bj\u00f6rn Forseth<\/i><\/span><\/span><\/p>\n<p style=\"text-align: center;\" align=\"RIGHT\"><span style=\"color: #000000;\"><a style=\"color: #000000;\" href=\"..\/idet\">\u00c5ter<\/a><\/span><\/p>\n","protected":false},"excerpt":{"rendered":"<p>S\u00e5 b\u00f6rjade det med dessa filmkr\u00f6nikor &nbsp; En kv\u00e4ll i mars 2014 satt undertecknad och n\u00e5gra andra p\u00e5 Solsidan och kom att n\u00e4mna Kiruna filmstudio, som inte alla visste vad den egentligen var. Att vara f\u00f6dd och uppvuxen i Kiruna, d\u00e4r denna filmklubb hade funnits sedan 1954, var uppenbarligen inte tillr\u00e4ckligt f\u00f6r att man skulle &hellip; <\/p>\n<p class=\"link-more\"><a href=\"https:\/\/forseth.se\/?page_id=89\" class=\"more-link\">Forts\u00e4tt l\u00e4sa<span class=\"screen-reader-text\"> \u201dHur filmkr\u00f6nikorna kom till\u201d<\/span><\/a><\/p>\n","protected":false},"author":1,"featured_media":0,"parent":0,"menu_order":0,"comment_status":"closed","ping_status":"closed","template":"","meta":{"footnotes":""},"class_list":["post-89","page","type-page","status-publish","hentry"],"_links":{"self":[{"href":"https:\/\/forseth.se\/index.php?rest_route=\/wp\/v2\/pages\/89","targetHints":{"allow":["GET"]}}],"collection":[{"href":"https:\/\/forseth.se\/index.php?rest_route=\/wp\/v2\/pages"}],"about":[{"href":"https:\/\/forseth.se\/index.php?rest_route=\/wp\/v2\/types\/page"}],"author":[{"embeddable":true,"href":"https:\/\/forseth.se\/index.php?rest_route=\/wp\/v2\/users\/1"}],"replies":[{"embeddable":true,"href":"https:\/\/forseth.se\/index.php?rest_route=%2Fwp%2Fv2%2Fcomments&post=89"}],"version-history":[{"count":13,"href":"https:\/\/forseth.se\/index.php?rest_route=\/wp\/v2\/pages\/89\/revisions"}],"predecessor-version":[{"id":2220,"href":"https:\/\/forseth.se\/index.php?rest_route=\/wp\/v2\/pages\/89\/revisions\/2220"}],"wp:attachment":[{"href":"https:\/\/forseth.se\/index.php?rest_route=%2Fwp%2Fv2%2Fmedia&parent=89"}],"curies":[{"name":"wp","href":"https:\/\/api.w.org\/{rel}","templated":true}]}}